CRAN Package Check Results for Package mbend

Last updated on 2021-10-21 07:50:00 CEST.

Flavor Version Tinstall Tcheck Ttotal Status Flags
r-devel-linux-x86_64-debian-clang 1.3.1 1.95 24.15 26.10 NOTE
r-devel-linux-x86_64-debian-gcc 1.3.1 1.59 18.75 20.34 NOTE
r-devel-linux-x86_64-fedora-clang 1.3.1 42.97 NOTE
r-devel-linux-x86_64-fedora-gcc 1.3.1 31.93 NOTE
r-devel-windows-x86_64 1.3.1 4.00 44.00 48.00 NOTE
r-devel-windows-x86_64-gcc10-UCRT 1.3.1 NOTE
r-patched-linux-x86_64 1.3.1 2.02 22.97 24.99 NOTE
r-patched-solaris-x86 1.3.1 47.80 NOTE
r-release-linux-x86_64 1.3.1 1.86 23.12 24.98 NOTE
r-release-macos-arm64 1.3.1 NOTE
r-release-macos-x86_64 1.3.1 NOTE
r-release-windows-ix86+x86_64 1.3.1 4.00 40.00 44.00 NOTE
r-oldrel-macos-x86_64 1.3.1 OK
r-oldrel-windows-ix86+x86_64 1.3.1 5.00 42.00 47.00 OK

Check Details

Version: 1.3.1
Check: LazyData
Result: NOTE
     'LazyData' is specified without a 'data' directory
Flavors: r-devel-linux-x86_64-debian-clang, r-devel-linux-x86_64-debian-gcc, r-devel-linux-x86_64-fedora-clang, r-devel-linux-x86_64-fedora-gcc, r-devel-windows-x86_64, r-devel-windows-x86_64-gcc10-UCRT, r-patched-linux-x86_64, r-patched-solaris-x86, r-release-linux-x86_64, r-release-macos-arm64, r-release-macos-x86_64, r-release-windows-ix86+x86_64