CRAN Package Check Results for Package matrixTests

Last updated on 2021-10-21 07:50:00 CEST.

Flavor Version Tinstall Tcheck Ttotal Status Flags
r-devel-linux-x86_64-debian-clang 0.1.9.1 4.81 174.15 178.96 OK
r-devel-linux-x86_64-debian-gcc 0.1.9.1 3.98 125.58 129.56 OK
r-devel-linux-x86_64-fedora-clang 0.1.9.1 213.33 OK
r-devel-linux-x86_64-fedora-gcc 0.1.9.1 203.13 OK
r-devel-windows-x86_64 0.1.9.1 8.00 215.00 223.00 OK
r-devel-windows-x86_64-gcc10-UCRT 0.1.9.1 OK
r-patched-linux-x86_64 0.1.9.1 4.66 164.36 169.02 OK
r-patched-solaris-x86 0.1.9.1 248.10 OK
r-release-linux-x86_64 0.1.9.1 4.20 166.98 171.18 OK
r-release-macos-arm64 0.1.9 NOTE
r-release-macos-x86_64 0.1.9.1 OK
r-release-windows-ix86+x86_64 0.1.9.1 8.00 152.00 160.00 OK
r-oldrel-macos-x86_64 0.1.9.1 OK
r-oldrel-windows-ix86+x86_64 0.1.9.1 9.00 164.00 173.00 OK

Check Details

Version: 0.1.9
Check: LazyData
Result: NOTE
     'LazyData' is specified without a 'data' directory
Flavor: r-release-macos-arm64