CRAN Package Check Results for Package mason

Last updated on 2021-06-24 07:50:16 CEST.

Flavor Version Tinstall Tcheck Ttotal Status Flags
r-devel-linux-x86_64-debian-clang 0.3.0 3.97 49.95 53.92 NOTE
r-devel-linux-x86_64-debian-gcc 0.3.0 2.81 36.67 39.48 NOTE
r-devel-linux-x86_64-fedora-clang 0.3.0 70.57 NOTE
r-devel-linux-x86_64-fedora-gcc 0.3.0 61.41 NOTE
r-devel-windows-x86_64 0.3.0 6.00 47.00 53.00 NOTE
r-devel-windows-x86_64-gcc10-UCRT 0.3.0 NOTE
r-patched-linux-x86_64 0.3.0 2.81 45.94 48.75 NOTE
r-patched-solaris-x86 0.3.0 90.50 NOTE
r-release-linux-x86_64 0.3.0 2.58 45.93 48.51 NOTE
r-release-macos-arm64 0.3.0 NOTE
r-release-macos-x86_64 0.3.0 NOTE
r-release-windows-ix86+x86_64 0.3.0 7.00 46.00 53.00 NOTE
r-oldrel-macos-x86_64 0.3.0 OK

Check Details

Version: 0.3.0
Check: LazyData
Result: NOTE
     'LazyData' is specified without a 'data' directory
Flavors: r-devel-linux-x86_64-debian-clang, r-devel-linux-x86_64-debian-gcc, r-devel-linux-x86_64-fedora-clang, r-devel-linux-x86_64-fedora-gcc, r-devel-windows-x86_64, r-devel-windows-x86_64-gcc10-UCRT, r-patched-linux-x86_64, r-patched-solaris-x86, r-release-linux-x86_64, r-release-macos-arm64, r-release-macos-x86_64, r-release-windows-ix86+x86_64

Version: 0.3.0
Check: package dependencies
Result: NOTE
    Package suggested but not available for checking: 'covr'
Flavor: r-devel-windows-x86_64-gcc10-UCRT