CRAN Package Check Results for Package markerpen

Last updated on 2022-01-24 08:52:49 CET.

Flavor Version Tinstall Tcheck Ttotal Status Flags
r-devel-linux-x86_64-debian-clang 0.1.1 57.28 110.77 168.05 OK
r-devel-linux-x86_64-debian-gcc 0.1.1 47.02 77.24 124.26 OK
r-devel-linux-x86_64-fedora-clang 0.1.1 216.28 NOTE
r-devel-linux-x86_64-fedora-gcc 0.1.1 186.60 OK
r-devel-windows-x86_64-new-UL 0.1.1 61.00 144.00 205.00 NOTE
r-devel-windows-x86_64-new-TK 0.1.1 OK
r-patched-linux-x86_64 0.1.1 55.13 94.16 149.29 OK
r-release-linux-x86_64 0.1.1 54.97 94.44 149.41 OK
r-release-macos-arm64 0.1.1 NOTE
r-release-macos-x86_64 0.1.1 NOTE
r-release-windows-ix86+x86_64 0.1.1 137.00 149.00 286.00 NOTE
r-oldrel-macos-x86_64 0.1.1 NOTE
r-oldrel-windows-ix86+x86_64 0.1.1 136.00 157.00 293.00 NOTE

Check Details

Version: 0.1.1
Check: installed package size
Result: NOTE
     installed size is 14.2Mb
     sub-directories of 1Mb or more:
     examples 2.7Mb
     libs 10.1Mb
Flavors: r-devel-linux-x86_64-fedora-clang, r-devel-windows-x86_64-new-UL, r-release-macos-arm64, r-release-macos-x86_64, r-release-windows-ix86+x86_64, r-oldrel-macos-x86_64, r-oldrel-windows-ix86+x86_64