CRAN Package Check Results for Package manipulateWidget

Last updated on 2021-10-24 07:57:24 CEST.

Flavor Version Tinstall Tcheck Ttotal Status Flags
r-devel-linux-x86_64-debian-clang 0.11.1 6.94 61.85 68.79 OK
r-devel-linux-x86_64-debian-gcc 0.11.1 5.57 47.96 53.53 OK
r-devel-linux-x86_64-fedora-clang 0.11.1 93.49 NOTE
r-devel-linux-x86_64-fedora-gcc 0.11.1 93.18 NOTE
r-devel-windows-x86_64 0.11.1 14.00 93.00 107.00 OK
r-devel-windows-x86_64-gcc10-UCRT 0.11.1 NOTE
r-patched-linux-x86_64 0.11.1 8.14 59.85 67.99 OK
r-patched-solaris-x86 0.11.1 115.60 WARN
r-release-linux-x86_64 0.11.1 7.67 59.87 67.54 OK
r-release-macos-arm64 0.11.1 NOTE
r-release-macos-x86_64 0.11.1 NOTE
r-release-windows-ix86+x86_64 0.11.1 13.00 91.00 104.00 OK
r-oldrel-macos-x86_64 0.11.1 NOTE
r-oldrel-windows-ix86+x86_64 0.11.1 11.00 69.00 80.00 OK

Check Details

Version: 0.11.1
Check: data for non-ASCII characters
Result: NOTE
     Note: found 55 marked UTF-8 strings
Flavors: r-devel-linux-x86_64-fedora-clang, r-devel-linux-x86_64-fedora-gcc, r-devel-windows-x86_64-gcc10-UCRT, r-patched-solaris-x86, r-release-macos-arm64, r-release-macos-x86_64, r-oldrel-macos-x86_64

Version: 0.11.1
Check: re-building of vignette outputs
Result: WARN
    Error(s) in re-building vignettes:
     ...
    --- re-building ‘manipulateWidgets.Rmd’ using rmarkdown
    Pandoc is required to build R Markdown vignettes but not available. Please make sure it is installed.
    Quitting from lines 61-68 (manipulateWidgets.Rmd)
    Error: processing vignette 'manipulateWidgets.Rmd' failed with diagnostics:
    invalid 'path' argument
    --- failed re-building ‘manipulateWidgets.Rmd’
    
    SUMMARY: processing the following file failed:
     ‘manipulateWidgets.Rmd’
    
    Error: Vignette re-building failed.
    Execution halted
Flavor: r-patched-solaris-x86