CRAN Package Check Results for Package majesticR

Last updated on 2021-05-07 07:47:40 CEST.

Flavor Version Tinstall Tcheck Ttotal Status Flags
r-devel-linux-x86_64-debian-clang 0.1.1 2.72 29.17 31.89 NOTE
r-devel-linux-x86_64-debian-gcc 0.1.1 2.14 23.24 25.38 NOTE
r-devel-linux-x86_64-fedora-clang 0.1.1 48.16 NOTE
r-devel-linux-x86_64-fedora-gcc 0.1.1 39.01 NOTE
r-devel-windows-ix86+x86_64 0.1.1 6.00 49.00 55.00 NOTE
r-devel-windows-x86_64-gcc10-UCRT 0.1.1 NOTE
r-patched-linux-x86_64 0.1.1 2.73 29.13 31.86 NOTE
r-patched-solaris-x86 0.1.1 62.40 OK
r-release-linux-x86_64 0.1.1 2.66 28.33 30.99 NOTE
r-release-macos-x86_64 0.1.1 OK
r-release-windows-ix86+x86_64 0.1.1 6.00 36.00 42.00 NOTE
r-oldrel-macos-x86_64 0.1.1 OK
r-oldrel-windows-ix86+x86_64 0.1.1 6.00 47.00 53.00 OK

Check Details

Version: 0.1.1
Check: LazyData
Result: NOTE
     'LazyData' is specified without a 'data' directory
Flavors: r-devel-linux-x86_64-debian-clang, r-devel-linux-x86_64-debian-gcc, r-devel-linux-x86_64-fedora-clang, r-devel-linux-x86_64-fedora-gcc, r-devel-windows-ix86+x86_64, r-devel-windows-x86_64-gcc10-UCRT, r-patched-linux-x86_64

Version: 0.1.1
Check: package vignettes
Result: NOTE
    Package vignette with placeholder title 'Vignette Title':
     'introduction-to-package-majesticr--rmd.Rmd'
Flavors: r-devel-linux-x86_64-debian-clang, r-devel-linux-x86_64-debian-gcc, r-devel-windows-ix86+x86_64, r-patched-linux-x86_64, r-release-linux-x86_64, r-release-windows-ix86+x86_64