CRAN Package Check Results for Package maczic

Last updated on 2021-09-26 07:50:12 CEST.

Flavor Version Tinstall Tcheck Ttotal Status Flags
r-devel-linux-x86_64-debian-clang 0.2.0 20.14 162.48 182.62 OK
r-devel-linux-x86_64-debian-gcc 0.2.0 16.87 118.25 135.12 OK
r-devel-linux-x86_64-fedora-clang 0.2.0 224.40 NOTE
r-devel-linux-x86_64-fedora-gcc 0.2.0 211.54 NOTE
r-devel-windows-x86_64 0.2.0 26.00 132.00 158.00 OK
r-devel-windows-x86_64-gcc10-UCRT 0.2.0 NOTE
r-patched-linux-x86_64 0.2.0 24.46 149.36 173.82 OK
r-patched-solaris-x86 0.2.0 284.70 NOTE
r-release-linux-x86_64 0.2.0 16.68 154.19 170.87 OK
r-release-macos-arm64 0.2.0 NOTE
r-release-macos-x86_64 0.2.0 NOTE
r-release-windows-ix86+x86_64 0.2.0 46.00 131.00 177.00 OK
r-oldrel-macos-x86_64 0.2.0 NOTE
r-oldrel-windows-ix86+x86_64 0.2.0 32.00 147.00 179.00 OK

Check Details

Version: 0.2.0
Check: dependencies in R code
Result: NOTE
    Namespace in Imports field not imported from: ‘mathjaxr’
     All declared Imports should be used.
Flavors: r-devel-linux-x86_64-fedora-clang, r-devel-linux-x86_64-fedora-gcc, r-devel-windows-x86_64-gcc10-UCRT, r-patched-solaris-x86, r-release-macos-arm64, r-release-macos-x86_64, r-oldrel-macos-x86_64