CRAN Package Check Results for Package m2r

Last updated on 2021-09-20 07:50:43 CEST.

Flavor Version Tinstall Tcheck Ttotal Status Flags
r-devel-linux-x86_64-debian-clang 1.0.2 33.82 71.87 105.69 NOTE
r-devel-linux-x86_64-debian-gcc 1.0.2 21.22 53.14 74.36 NOTE
r-devel-linux-x86_64-fedora-clang 1.0.2 141.22 NOTE
r-devel-linux-x86_64-fedora-gcc 1.0.2 120.59 NOTE
r-devel-windows-x86_64 1.0.2 36.00 75.00 111.00 NOTE
r-devel-windows-x86_64-gcc10-UCRT 1.0.2 ERROR
r-patched-linux-x86_64 1.0.2 32.53 66.59 99.12 NOTE
r-patched-solaris-x86 1.0.2 154.40 NOTE
r-release-linux-x86_64 1.0.2 23.98 67.55 91.53 NOTE
r-release-macos-arm64 1.0.2 NOTE
r-release-macos-x86_64 1.0.2 NOTE
r-release-windows-ix86+x86_64 1.0.2 75.00 98.00 173.00 NOTE
r-oldrel-macos-x86_64 1.0.2 OK
r-oldrel-windows-ix86+x86_64 1.0.2 75.00 98.00 173.00 OK

Check Details

Version: 1.0.2
Check: LazyData
Result: NOTE
     'LazyData' is specified without a 'data' directory
Flavors: r-devel-linux-x86_64-debian-clang, r-devel-linux-x86_64-debian-gcc, r-devel-linux-x86_64-fedora-clang, r-devel-linux-x86_64-fedora-gcc, r-devel-windows-x86_64, r-patched-linux-x86_64, r-patched-solaris-x86, r-release-linux-x86_64, r-release-macos-arm64, r-release-macos-x86_64, r-release-windows-ix86+x86_64

Version: 1.0.2
Check: whether package can be installed
Result: ERROR
    Installation failed.
Flavor: r-devel-windows-x86_64-gcc10-UCRT