CRAN Package Check Results for Package ltsspca

Last updated on 2021-07-31 07:50:46 CEST.

Flavor Version Tinstall Tcheck Ttotal Status Flags
r-devel-linux-x86_64-debian-clang 0.1.0 91.57 169.31 260.88 OK
r-devel-linux-x86_64-debian-gcc 0.1.0 62.99 125.08 188.07 OK
r-devel-linux-x86_64-fedora-clang 0.1.0 342.77 NOTE
r-devel-linux-x86_64-fedora-gcc 0.1.0 320.99 OK
r-devel-windows-x86_64 0.1.0 79.00 231.00 310.00 OK
r-devel-windows-x86_64-gcc10-UCRT 0.1.0 OK
r-patched-linux-x86_64 0.1.0 OK
r-patched-solaris-x86 0.1.0 423.30 OK
r-release-linux-x86_64 0.1.0 75.48 162.44 237.92 OK
r-release-macos-arm64 0.1.0 NOTE
r-release-macos-x86_64 0.1.0 OK
r-release-windows-ix86+x86_64 0.1.0 222.00 246.00 468.00 OK
r-oldrel-macos-x86_64 0.1.0 OK
r-oldrel-windows-ix86+x86_64 0.1.0 167.00 261.00 428.00 OK

Check Details

Version: 0.1.0
Check: installed package size
Result: NOTE
     installed size is 5.5Mb
     sub-directories of 1Mb or more:
     libs 5.0Mb
Flavors: r-devel-linux-x86_64-fedora-clang, r-release-macos-arm64