CRAN Package Check Results for Package lobstr

Last updated on 2021-05-11 07:47:54 CEST.

Flavor Version Tinstall Tcheck Ttotal Status Flags
r-devel-linux-x86_64-debian-clang 1.1.1 37.02 33.16 70.18 NOTE
r-devel-linux-x86_64-debian-gcc 1.1.1 22.70 25.59 48.29 NOTE
r-devel-linux-x86_64-fedora-clang 1.1.1 106.16 NOTE
r-devel-linux-x86_64-fedora-gcc 1.1.1 82.64 NOTE
r-devel-windows-ix86+x86_64 1.1.1 72.00 85.00 157.00 NOTE
r-devel-windows-x86_64-gcc10-UCRT 1.1.1 NOTE
r-patched-linux-x86_64 1.1.1 27.71 32.25 59.96 NOTE
r-patched-solaris-x86 1.1.1 94.40 NOTE
r-release-linux-x86_64 1.1.1 27.91 31.93 59.84 OK
r-release-macos-x86_64 1.1.1 OK
r-release-windows-ix86+x86_64 1.1.1 70.00 61.00 131.00 OK
r-oldrel-macos-x86_64 1.1.1 OK
r-oldrel-windows-ix86+x86_64 1.1.1 81.00 80.00 161.00 OK

Check Details

Version: 1.1.1
Check: LazyData
Result: NOTE
     'LazyData' is specified without a 'data' directory
Flavors: r-devel-linux-x86_64-debian-clang, r-devel-linux-x86_64-debian-gcc, r-devel-linux-x86_64-fedora-clang, r-devel-linux-x86_64-fedora-gcc, r-devel-windows-ix86+x86_64, r-devel-windows-x86_64-gcc10-UCRT, r-patched-linux-x86_64, r-patched-solaris-x86