CRAN Package Check Results for Package lmvar

Last updated on 2022-01-24 08:52:48 CET.

Flavor Version Tinstall Tcheck Ttotal Status Flags
r-devel-linux-x86_64-debian-clang 1.5.2 6.51 90.95 97.46 NOTE
r-devel-linux-x86_64-debian-gcc 1.5.2 3.71 69.11 72.82 NOTE
r-devel-linux-x86_64-fedora-clang 1.5.2 119.71 NOTE
r-devel-linux-x86_64-fedora-gcc 1.5.2 104.48 NOTE
r-devel-windows-x86_64-new-UL 1.5.2 40.00 179.00 219.00 NOTE
r-devel-windows-x86_64-new-TK 1.5.2 NOTE
r-patched-linux-x86_64 1.5.2 6.12 88.27 94.39 NOTE
r-release-linux-x86_64 1.5.2 4.91 88.12 93.03 NOTE
r-release-macos-arm64 1.5.2 NOTE
r-release-macos-x86_64 1.5.2 NOTE
r-release-windows-ix86+x86_64 1.5.2 11.00 154.00 165.00 NOTE
r-oldrel-macos-x86_64 1.5.2 OK
r-oldrel-windows-ix86+x86_64 1.5.2 10.00 160.00 170.00 OK

Check Details

Version: 1.5.2
Check: LazyData
Result: NOTE
     'LazyData' is specified without a 'data' directory
Flavors: r-devel-linux-x86_64-debian-clang, r-devel-linux-x86_64-debian-gcc, r-devel-linux-x86_64-fedora-clang, r-devel-linux-x86_64-fedora-gcc, r-devel-windows-x86_64-new-UL, r-devel-windows-x86_64-new-TK, r-patched-linux-x86_64, r-release-linux-x86_64, r-release-macos-arm64, r-release-macos-x86_64, r-release-windows-ix86+x86_64