CRAN Package Check Results for Package live

Last updated on 2021-07-31 07:50:46 CEST.

Flavor Version Tinstall Tcheck Ttotal Status Flags
r-devel-linux-x86_64-debian-clang 1.5.13 10.58 158.86 169.44 OK
r-devel-linux-x86_64-debian-gcc 1.5.13 9.57 114.86 124.43 OK
r-devel-linux-x86_64-fedora-clang 1.5.13 212.31 NOTE
r-devel-linux-x86_64-fedora-gcc 1.5.13 205.00 NOTE
r-devel-windows-x86_64 1.5.13 27.00 190.00 217.00 OK
r-devel-windows-x86_64-gcc10-UCRT 1.5.13 NOTE
r-patched-linux-x86_64 1.5.13 OK
r-patched-solaris-x86 1.5.13 217.90 NOTE
r-release-linux-x86_64 1.5.13 10.70 146.92 157.62 OK
r-release-macos-arm64 1.5.13 ERROR
r-release-macos-x86_64 1.5.13 NOTE
r-release-windows-ix86+x86_64 1.5.13 27.00 188.00 215.00 OK
r-oldrel-macos-x86_64 1.5.13 NOTE
r-oldrel-windows-ix86+x86_64 1.5.13 28.00 195.00 223.00 OK

Check Details

Version: 1.5.13
Check: dependencies in R code
Result: NOTE
    Namespace in Imports field not imported from: ‘e1071’
     All declared Imports should be used.
Flavors: r-devel-linux-x86_64-fedora-clang, r-devel-linux-x86_64-fedora-gcc, r-devel-windows-x86_64-gcc10-UCRT, r-patched-solaris-x86, r-release-macos-arm64, r-release-macos-x86_64, r-oldrel-macos-x86_64

Version: 1.5.13
Check: package dependencies
Result: NOTE
    Package suggested but not available for checking: ‘RWeka’
Flavor: r-patched-solaris-x86

Version: 1.5.13
Check: tests
Result: ERROR
     Running ‘testthat.R’ [2s/2s]
    Running the tests in ‘tests/testthat.R’ failed.
    Last 13 lines of output:
     >
     > set.seed(1)
     > X <- as.data.frame(matrix(runif(5500), ncol = 11, nrow = 500))
     > X2 <- X
     > X2$V1 <- as.factor(as.character(X2$V1 > 0.5))
     > local <- sample_locally(data = X,
     + explained_instance = X[3, ],
     + explained_var = "V1",
     + size = 50)
     > local1 <- add_predictions(local, "regr.svm", X)
     > if(require('RWeka')) {
     + local_explained <- fit_explanation(local1, "regr.lm")
     + local_explained2 <- fit_explanation(local1, "regr.svm", kernel = identity_kernel)
     + }
     Loading required package: RWeka
Flavor: r-release-macos-arm64

Version: 1.5.13
Check: re-building of vignette outputs
Result: WARN
    Error(s) in re-building vignettes:
    --- re-building ‘wine_quality.Rmd’ using rmarkdown
    Warning in engine$weave(file, quiet = quiet, encoding = enc) :
     Pandoc (>= 1.12.3) not available. Falling back to R Markdown v1.
    Loading required package: ParamHelpers
    Warning message: 'mlr' is in 'maintenance-only' mode since July 2019.
    Future development will only happen in 'mlr3'
    (<https://mlr3.mlr-org.com>). Due to the focus on 'mlr3' there might be
    uncaught bugs meanwhile in {mlr} - please consider switching.
    Welcome to live v1.5.13. Live is a part of DALEXverse. Find out more at https://github.com/pbiecek/DALEX.
    
    Attaching package: 'dplyr'
    
    The following objects are masked from 'package:stats':
    
     filter, lag
    
    The following objects are masked from 'package:base':
    
     intersect, setdiff, setequal, union
    
    
    Attaching package: 'e1071'
    
    The following object is masked from 'package:mlr':
    
     impute
    
    Loading required package: RWeka
Flavor: r-release-macos-arm64