CRAN Package Check Results for Package listcomp

Last updated on 2022-01-17 07:49:37 CET.

Flavor Version Tinstall Tcheck Ttotal Status Flags
r-devel-linux-x86_64-debian-clang 0.4.0 1.72 32.31 34.03 OK
r-devel-linux-x86_64-debian-gcc 0.4.0 1.56 25.51 27.07 OK
r-devel-linux-x86_64-fedora-clang 0.4.0 42.76 OK
r-devel-linux-x86_64-fedora-gcc 0.4.0 32.17 OK
r-devel-windows-x86_64-new-UL 0.4.0 22.00 48.00 70.00 OK
r-devel-windows-x86_64-new-TK 0.4.0 OK
r-patched-linux-x86_64 0.4.0 1.67 31.24 32.91 OK
r-release-linux-x86_64 0.4.0 OK
r-release-macos-arm64 0.4.0 OK
r-release-macos-x86_64 0.4.0 WARN --as-cran
r-release-windows-ix86+x86_64 0.4.0 5.00 40.00 45.00 OK
r-oldrel-macos-x86_64 0.3.0 OK
r-oldrel-windows-ix86+x86_64 0.4.0 5.00 39.00 44.00 OK

Check Details

Version: 0.4.0
Flags: --as-cran
Check: CRAN incoming feasibility
Result: WARN
    Maintainer: ‘Dirk Schumacher <mail@dirk-schumacher.net>’
    
    Insufficient package version (submitted: 0.4.0, existing: 0.4.0)
    
    Days since last update: 1
Flavor: r-release-macos-x86_64

Version: 0.4.0
Flags: --as-cran
Check: top-level files
Result: NOTE
    Files ‘README.md’ or ‘NEWS.md’ cannot be checked without ‘pandoc’ being installed.
Flavor: r-release-macos-x86_64