CRAN Package Check Results for Package liminal

Last updated on 2021-09-20 07:50:42 CEST.

Flavor Version Tinstall Tcheck Ttotal Status Flags
r-devel-linux-x86_64-debian-clang 0.1.2 5.95 85.54 91.49 OK
r-devel-linux-x86_64-debian-gcc 0.1.2 5.22 65.16 70.38 OK
r-devel-linux-x86_64-fedora-clang 0.1.2 115.42 NOTE
r-devel-linux-x86_64-fedora-gcc 0.1.2 107.55 OK
r-devel-windows-x86_64 0.1.2 9.00 94.00 103.00 OK
r-devel-windows-x86_64-gcc10-UCRT 0.1.2 ERROR
r-patched-linux-x86_64 0.1.2 11.45 86.79 98.24 OK
r-patched-solaris-x86 0.1.2 95.80 OK
r-release-linux-x86_64 0.1.2 4.46 86.58 91.04 OK
r-release-macos-arm64 0.1.2 OK
r-release-macos-x86_64 0.1.2 OK
r-release-windows-ix86+x86_64 0.1.2 13.00 87.00 100.00 OK
r-oldrel-macos-x86_64 0.1.2 OK
r-oldrel-windows-ix86+x86_64 0.1.2 14.00 96.00 110.00 OK

Check Details

Version: 0.1.2
Check: Rd cross-references
Result: NOTE
    Undeclared package ‘tidyselect’ in Rd xrefs
Flavor: r-devel-linux-x86_64-fedora-clang

Version: 0.1.2
Check: whether package can be installed
Result: WARN
    Found the following significant warnings:
     WARNING: installation-time patches will not be applied, could not get the patches index
Flavor: r-devel-windows-x86_64-gcc10-UCRT

Version: 0.1.2
Check: PDF version of manual
Result: WARN
    LaTeX errors when creating PDF version.
    This typically indicates Rd problems.
Flavor: r-devel-windows-x86_64-gcc10-UCRT

Version: 0.1.2
Check: PDF version of manual without hyperrefs or index
Result: ERROR
    Re-running with no redirection of stdout/stderr.
Flavor: r-devel-windows-x86_64-gcc10-UCRT