CRAN Package Check Results for Package lilikoi

Last updated on 2021-08-04 07:49:40 CEST.

Flavor Version Tinstall Tcheck Ttotal Status Flags
r-devel-linux-x86_64-debian-clang 2.0.4 55.91 376.44 432.35 NOTE
r-devel-linux-x86_64-debian-gcc 2.0.4 47.09 286.04 333.13 NOTE
r-devel-linux-x86_64-fedora-clang 2.0.4 539.44 NOTE
r-devel-linux-x86_64-fedora-gcc 2.0.4 533.45 NOTE
r-devel-windows-x86_64 2.0.4 75.00 394.00 469.00 NOTE
r-devel-windows-x86_64-gcc10-UCRT 2.0.4 NOTE
r-patched-linux-x86_64 2.0.4 56.01 354.90 410.91 NOTE
r-release-linux-x86_64 2.0.4 49.33 357.16 406.49 NOTE
r-release-macos-arm64 2.0.4 ERROR
r-release-macos-x86_64 2.0.4 ERROR
r-release-windows-ix86+x86_64 2.0.4 111.00 390.00 501.00 NOTE
r-oldrel-macos-x86_64 2.0.4 ERROR
r-oldrel-windows-ix86+x86_64 2.0.4 194.00 800.00 994.00 OK

Check Details

Version: 2.0.4
Check: LazyData
Result: NOTE
     'LazyData' is specified without a 'data' directory
Flavors: r-devel-linux-x86_64-debian-clang, r-devel-linux-x86_64-debian-gcc, r-devel-linux-x86_64-fedora-clang, r-devel-linux-x86_64-fedora-gcc, r-devel-windows-x86_64, r-devel-windows-x86_64-gcc10-UCRT, r-patched-linux-x86_64, r-release-linux-x86_64, r-release-windows-ix86+x86_64

Version: 2.0.4
Check: package dependencies
Result: NOTE
    Imports includes 26 non-default packages.
    Importing from so many packages makes the package vulnerable to any of
    them becoming unavailable. Move as many as possible to Suggests and
    use conditionally.
Flavor: r-devel-linux-x86_64-fedora-clang

Version: 2.0.4
Check: dependencies in R code
Result: NOTE
    Namespace in Imports field not imported from: ‘M3C’
     All declared Imports should be used.
Flavors: r-devel-linux-x86_64-fedora-clang, r-devel-linux-x86_64-fedora-gcc, r-devel-windows-x86_64-gcc10-UCRT

Version: 2.0.4
Check: package dependencies
Result: ERROR
    Packages required but not available: 'M3C', 'pathifier', 'pathview', 'RCy3'
    
    See section ‘The DESCRIPTION file’ in the ‘Writing R Extensions’
    manual.
Flavor: r-release-macos-arm64

Version: 2.0.4
Check: package dependencies
Result: ERROR
    Packages required but not available: 'M3C', 'pathifier', 'pathview'
    
    See section ‘The DESCRIPTION file’ in the ‘Writing R Extensions’
    manual.
Flavors: r-release-macos-x86_64, r-oldrel-macos-x86_64