CRAN Package Check Results for Package lidaRtRee

Last updated on 2021-10-21 07:49:59 CEST.

Flavor Version Tinstall Tcheck Ttotal Status Flags
r-devel-linux-x86_64-debian-clang 3.1.0 5.17 249.15 254.32 OK
r-devel-linux-x86_64-debian-gcc 3.1.0 4.84 182.42 187.26 OK
r-devel-linux-x86_64-fedora-clang 3.1.0 322.60 OK
r-devel-linux-x86_64-fedora-gcc 3.1.0 309.87 OK
r-devel-windows-x86_64 3.1.0 11.00 283.00 294.00 OK
r-devel-windows-x86_64-gcc10-UCRT 3.1.0 ERROR
r-patched-linux-x86_64 3.1.0 7.02 228.54 235.56 OK
r-patched-solaris-x86 3.1.0 304.00 OK
r-release-linux-x86_64 3.1.0 5.49 225.10 230.59 OK
r-release-macos-arm64 3.1.0 OK
r-release-macos-x86_64 3.1.0 OK
r-release-windows-ix86+x86_64 3.1.0 13.00 289.00 302.00 OK
r-oldrel-macos-x86_64 3.1.0 OK
r-oldrel-windows-ix86+x86_64 3.1.0 16.00 257.00 273.00 OK

Check Details

Version: 3.1.0
Check: package dependencies
Result: ERROR
    Package required but not available: 'imager'
    
    See section 'The DESCRIPTION file' in the 'Writing R Extensions'
    manual.
Flavor: r-devel-windows-x86_64-gcc10-UCRT