CRAN Package Check Results for Package libbib

Last updated on 2021-07-31 07:50:46 CEST.

Flavor Version Tinstall Tcheck Ttotal Status Flags
r-devel-linux-x86_64-debian-clang 1.6 4.79 50.60 55.39 OK
r-devel-linux-x86_64-debian-gcc 1.6 3.33 38.35 41.68 OK
r-devel-linux-x86_64-fedora-clang 1.6 77.18 NOTE
r-devel-linux-x86_64-fedora-gcc 1.6 64.69 NOTE
r-devel-windows-x86_64 1.6 5.00 74.00 79.00 OK
r-devel-windows-x86_64-gcc10-UCRT 1.6 NOTE
r-patched-linux-x86_64 1.6 OK
r-patched-solaris-x86 1.6 90.70 NOTE
r-release-linux-x86_64 1.6 4.29 47.85 52.14 OK
r-release-macos-arm64 1.6 NOTE
r-release-macos-x86_64 1.6 NOTE
r-release-windows-ix86+x86_64 1.6 11.00 70.00 81.00 OK
r-oldrel-macos-x86_64 1.6 NOTE
r-oldrel-windows-ix86+x86_64 1.6 8.00 70.00 78.00 OK

Check Details

Version: 1.6
Check: data for non-ASCII characters
Result: NOTE
     Note: found 22 marked UTF-8 strings
Flavors: r-devel-linux-x86_64-fedora-clang, r-devel-linux-x86_64-fedora-gcc, r-devel-windows-x86_64-gcc10-UCRT, r-patched-solaris-x86, r-release-macos-arm64, r-release-macos-x86_64, r-oldrel-macos-x86_64