CRAN Package Check Results for Package legislatoR

Last updated on 2022-01-24 08:52:48 CET.

Flavor Version Tinstall Tcheck Ttotal Status Flags
r-devel-linux-x86_64-debian-clang 1.0 4.13 54.51 58.64 NOTE
r-devel-linux-x86_64-debian-gcc 1.0 3.09 41.45 44.54 NOTE
r-devel-linux-x86_64-fedora-clang 1.0 71.51 NOTE
r-devel-linux-x86_64-fedora-gcc 1.0 59.00 NOTE
r-devel-windows-x86_64-new-UL 1.0 27.00 79.00 106.00 NOTE
r-devel-windows-x86_64-new-TK 1.0 NOTE
r-patched-linux-x86_64 1.0 4.20 51.15 55.35 NOTE
r-release-linux-x86_64 1.0 4.21 51.08 55.29 NOTE
r-release-macos-arm64 1.0 NOTE
r-release-macos-x86_64 1.0 NOTE
r-release-windows-ix86+x86_64 1.0 11.00 63.00 74.00 NOTE
r-oldrel-macos-x86_64 1.0 OK
r-oldrel-windows-ix86+x86_64 1.0 12.00 66.00 78.00 OK

Check Details

Version: 1.0
Check: LazyData
Result: NOTE
     'LazyData' is specified without a 'data' directory
Flavors: r-devel-linux-x86_64-debian-clang, r-devel-linux-x86_64-debian-gcc, r-devel-linux-x86_64-fedora-clang, r-devel-linux-x86_64-fedora-gcc, r-devel-windows-x86_64-new-UL, r-devel-windows-x86_64-new-TK, r-patched-linux-x86_64, r-release-linux-x86_64, r-release-macos-arm64, r-release-macos-x86_64, r-release-windows-ix86+x86_64