CRAN Package Check Results for Package leaflet.minicharts

Last updated on 2021-12-02 08:51:13 CET.

Flavor Version Tinstall Tcheck Ttotal Status Flags
r-devel-linux-x86_64-debian-clang 0.6.2 3.30 36.12 39.42 OK
r-devel-linux-x86_64-debian-gcc 0.6.2 2.31 28.29 30.60 OK
r-devel-linux-x86_64-fedora-clang 0.6.2 58.60 OK
r-devel-linux-x86_64-fedora-gcc 0.6.2 57.04 OK
r-devel-windows-x86_64-new-UL 0.6.2 11.00 81.00 92.00 OK
r-devel-windows-x86_64-new-TK 0.6.2 OK
r-devel-windows-x86_64-old 0.6.2 7.00 44.00 51.00 OK
r-patched-linux-x86_64 0.6.2 3.45 34.38 37.83 OK
r-patched-solaris-x86 0.6.2 75.30 WARN
r-release-linux-x86_64 0.6.2 3.21 34.78 37.99 OK
r-release-macos-arm64 0.6.2 OK
r-release-macos-x86_64 0.6.2 WARN
r-release-windows-ix86+x86_64 0.6.2 11.00 61.00 72.00 OK
r-oldrel-macos-x86_64 0.6.2 WARN
r-oldrel-windows-ix86+x86_64 0.6.2 8.00 64.00 72.00 OK

Check Details

Version: 0.6.2
Check: re-building of vignette outputs
Result: WARN
    Error(s) in re-building vignettes:
     ...
    --- re-building ‘introduction.Rmd’ using rmarkdown
    Pandoc is required to build R Markdown vignettes but not available. Please make sure it is installed.
    
    Attaching package: 'dplyr'
    
    The following objects are masked from 'package:stats':
    
     filter, lag
    
    The following objects are masked from 'package:base':
    
     intersect, setdiff, setequal, union
    
    Quitting from lines 67-77 (introduction.Rmd)
    Error: processing vignette 'introduction.Rmd' failed with diagnostics:
    invalid 'path' argument
    --- failed re-building ‘introduction.Rmd’
    
    SUMMARY: processing the following file failed:
     ‘introduction.Rmd’
    
    Error: Vignette re-building failed.
    Execution halted
Flavor: r-patched-solaris-x86

Version: 0.6.2
Check: re-building of vignette outputs
Result: WARN
    Error(s) in re-building vignettes:
     ...
    --- re-building ‘introduction.Rmd’ using rmarkdown
    Warning in engine$weave(file, quiet = quiet, encoding = enc) :
     Pandoc (>= 1.12.3) not available. Falling back to R Markdown v1.
    
    Attaching package: 'dplyr'
    
    The following objects are masked from 'package:stats':
    
     filter, lag
    
    The following objects are masked from 'package:base':
    
     intersect, setdiff, setequal, union
    
    Quitting from lines 67-77 (introduction.Rmd)
    Error: processing vignette 'introduction.Rmd' failed with diagnostics:
    invalid 'path' argument
    --- failed re-building ‘introduction.Rmd’
    
    SUMMARY: processing the following file failed:
     ‘introduction.Rmd’
    
    Error: Vignette re-building failed.
    Execution halted
Flavors: r-release-macos-x86_64, r-oldrel-macos-x86_64