CRAN Package Check Results for Package lda

Last updated on 2021-08-05 07:49:32 CEST.

Flavor Version Tinstall Tcheck Ttotal Status Flags
r-devel-linux-x86_64-debian-clang 1.4.2 4.66 43.57 48.23 OK
r-devel-linux-x86_64-debian-gcc 1.4.2 3.80 34.63 38.43 OK
r-devel-linux-x86_64-fedora-clang 1.4.2 66.01 NOTE
r-devel-linux-x86_64-fedora-gcc 1.4.2 56.76 NOTE
r-devel-windows-x86_64 1.4.2 8.00 64.00 72.00 OK
r-devel-windows-x86_64-gcc10-UCRT 1.4.2 NOTE
r-patched-linux-x86_64 1.4.2 4.52 41.75 46.27 OK
r-patched-solaris-x86 1.4.2 89.60 OK
r-release-linux-x86_64 1.4.2 4.53 41.98 46.51 OK
r-release-macos-arm64 1.4.2 OK
r-release-macos-x86_64 1.4.2 OK
r-release-windows-ix86+x86_64 1.4.2 12.00 57.00 69.00 OK
r-oldrel-macos-x86_64 1.4.2 OK
r-oldrel-windows-ix86+x86_64 1.4.2 10.00 74.00 84.00 OK

Check Details

Version: 1.4.2
Check: compiled code
Result: NOTE
    File ‘lda/libs/lda.so’:
     Found no calls to: ‘R_registerRoutines’, ‘R_useDynamicSymbols’
    
    It is good practice to register native routines and to disable symbol
    search.
    
    See ‘Writing portable packages’ in the ‘Writing R Extensions’ manual.
Flavors: r-devel-linux-x86_64-fedora-clang, r-devel-linux-x86_64-fedora-gcc

Version: 1.4.2
Check: package dependencies
Result: NOTE
    Package suggested but not available for checking: 'ggplot2'
Flavor: r-devel-windows-x86_64-gcc10-UCRT