CRAN Package Check Results for Package lawstat

Last updated on 2021-07-31 07:50:45 CEST.

Flavor Version Tinstall Tcheck Ttotal Status Flags
r-devel-linux-x86_64-debian-clang 3.4 7.04 53.13 60.17 OK
r-devel-linux-x86_64-debian-gcc 3.4 5.18 40.09 45.27 OK
r-devel-linux-x86_64-fedora-clang 3.4 82.42 NOTE
r-devel-linux-x86_64-fedora-gcc 3.4 70.47 OK
r-devel-windows-x86_64 3.4 8.00 70.00 78.00 OK
r-devel-windows-x86_64-gcc10-UCRT 3.4 OK
r-patched-linux-x86_64 3.4 OK
r-patched-solaris-x86 3.4 96.00 OK
r-release-linux-x86_64 3.4 6.19 50.57 56.76 OK
r-release-macos-arm64 3.4 OK
r-release-macos-x86_64 3.4 OK
r-release-windows-ix86+x86_64 3.4 11.00 56.00 67.00 OK
r-oldrel-macos-x86_64 3.4 OK
r-oldrel-windows-ix86+x86_64 3.4 8.00 70.00 78.00 OK

Check Details

Version: 3.4
Check: Rd cross-references
Result: NOTE
    Undeclared packages ‘VGAM’, ‘tseries’ in Rd xrefs
Flavor: r-devel-linux-x86_64-fedora-clang