CRAN Package Check Results for Package lambdaTS

Last updated on 2021-09-19 07:50:27 CEST.

Flavor Version Tinstall Tcheck Ttotal Status Flags
r-devel-linux-x86_64-debian-clang 1.0.0 18.35 156.34 174.69 OK
r-devel-linux-x86_64-debian-gcc 1.0.0 16.07 122.42 138.49 OK
r-devel-linux-x86_64-fedora-clang 1.0.0 217.32 OK
r-devel-linux-x86_64-fedora-gcc 1.0.0 220.23 OK
r-devel-windows-x86_64 1.0.0 23.00 179.00 202.00 OK
r-devel-windows-x86_64-gcc10-UCRT 1.0.0 ERROR
r-patched-linux-x86_64 1.0.0 18.25 148.64 166.89 OK
r-patched-solaris-x86 1.0.0 302.00 OK
r-release-linux-x86_64 1.0.0 17.72 150.32 168.04 OK
r-release-macos-arm64 1.0.0 OK
r-release-macos-x86_64 1.0.0 OK
r-release-windows-ix86+x86_64 1.0.0 46.00 134.00 180.00 OK
r-oldrel-macos-x86_64 1.0.0 OK
r-oldrel-windows-ix86+x86_64 1.0.0 54.00 137.00 191.00 OK

Check Details

Version: 1.0.0
Check: whether package can be installed
Result: WARN
    Found the following significant warnings:
     WARNING: installation-time patches will not be applied, could not get the patches index
Flavor: r-devel-windows-x86_64-gcc10-UCRT

Version: 1.0.0
Check: PDF version of manual
Result: WARN
    LaTeX errors when creating PDF version.
    This typically indicates Rd problems.
Flavor: r-devel-windows-x86_64-gcc10-UCRT

Version: 1.0.0
Check: PDF version of manual without hyperrefs or index
Result: ERROR
    Re-running with no redirection of stdout/stderr.
Flavor: r-devel-windows-x86_64-gcc10-UCRT