CRAN Package Check Results for Package laeken

Last updated on 2021-07-30 07:50:16 CEST.

Flavor Version Tinstall Tcheck Ttotal Status Flags
r-devel-linux-x86_64-debian-clang 0.5.1 OK
r-devel-linux-x86_64-debian-gcc 0.5.1 5.23 113.34 118.57 OK
r-devel-linux-x86_64-fedora-clang 0.5.1 187.13 NOTE
r-devel-linux-x86_64-fedora-gcc 0.5.1 180.08 OK
r-devel-windows-x86_64 0.5.1 8.00 178.00 186.00 OK
r-devel-windows-x86_64-gcc10-UCRT 0.5.1 OK
r-patched-linux-x86_64 0.5.1 OK
r-patched-solaris-x86 0.5.1 260.50 OK
r-release-linux-x86_64 0.5.1 6.16 140.79 146.95 OK
r-release-macos-arm64 0.5.1 OK
r-release-macos-x86_64 0.5.1 OK
r-release-windows-ix86+x86_64 0.5.1 12.00 141.00 153.00 OK
r-oldrel-macos-x86_64 0.5.1 OK
r-oldrel-windows-ix86+x86_64 0.5.1 10.00 179.00 189.00 OK

Check Details

Version: 0.5.1
Check: Rd cross-references
Result: NOTE
    Undeclared package ‘sampling’ in Rd xrefs
Flavor: r-devel-linux-x86_64-fedora-clang