CRAN Package Check Results for Package labourR

Last updated on 2021-07-25 07:50:06 CEST.

Flavor Version Tinstall Tcheck Ttotal Status Flags
r-devel-linux-x86_64-debian-clang 1.0.0 0.70 2.86 3.56 ERROR
r-devel-linux-x86_64-debian-gcc 1.0.0 0.55 2.18 2.73 ERROR
r-devel-linux-x86_64-fedora-clang 1.0.0 12.28 ERROR
r-devel-linux-x86_64-fedora-gcc 1.0.0 2.92 ERROR
r-devel-windows-x86_64 1.0.0 13.00 58.00 71.00 OK
r-devel-windows-x86_64-gcc10-UCRT 1.0.0 OK
r-patched-linux-x86_64 1.0.0 11.13 52.52 63.65 OK
r-patched-solaris-x86 1.0.0 117.40 OK
r-release-linux-x86_64 1.0.0 9.85 52.11 61.96 OK
r-release-macos-arm64 1.0.0 OK
r-release-macos-x86_64 1.0.0 OK
r-release-windows-ix86+x86_64 1.0.0 17.00 52.00 69.00 OK
r-oldrel-macos-x86_64 1.0.0 OK
r-oldrel-windows-ix86+x86_64 1.0.0 23.00 73.00 96.00 OK

Check Details

Version: 1.0.0
Check: package dependencies
Result: ERROR
    Package required but not available: 'stringdist'
    
    See section 'The DESCRIPTION file' in the 'Writing R Extensions'
    manual.
Flavors: r-devel-linux-x86_64-debian-clang, r-devel-linux-x86_64-debian-gcc, r-devel-linux-x86_64-fedora-clang, r-devel-linux-x86_64-fedora-gcc