CRAN Package Check Results for Package labelVector

Last updated on 2021-08-04 07:49:39 CEST.

Flavor Version Tinstall Tcheck Ttotal Status Flags
r-devel-linux-x86_64-debian-clang 0.1.1 2.00 28.68 30.68 NOTE
r-devel-linux-x86_64-debian-gcc 0.1.1 1.55 22.01 23.56 NOTE
r-devel-linux-x86_64-fedora-clang 0.1.1 45.94 NOTE
r-devel-linux-x86_64-fedora-gcc 0.1.1 35.58 NOTE
r-devel-windows-x86_64 0.1.1 3.00 44.00 47.00 NOTE
r-devel-windows-x86_64-gcc10-UCRT 0.1.1 NOTE
r-patched-linux-x86_64 0.1.1 2.08 27.23 29.31 NOTE
r-patched-solaris-x86 0.1.1 54.10 NOTE
r-release-linux-x86_64 0.1.1 1.86 27.59 29.45 NOTE
r-release-macos-arm64 0.1.1 NOTE
r-release-macos-x86_64 0.1.1 NOTE
r-release-windows-ix86+x86_64 0.1.1 7.00 49.00 56.00 NOTE
r-oldrel-macos-x86_64 0.1.1 OK
r-oldrel-windows-ix86+x86_64 0.1.1 4.00 45.00 49.00 OK

Check Details

Version: 0.1.1
Check: LazyData
Result: NOTE
     'LazyData' is specified without a 'data' directory
Flavors: r-devel-linux-x86_64-debian-clang, r-devel-linux-x86_64-debian-gcc, r-devel-linux-x86_64-fedora-clang, r-devel-linux-x86_64-fedora-gcc, r-devel-windows-x86_64, r-devel-windows-x86_64-gcc10-UCRT, r-patched-linux-x86_64, r-patched-solaris-x86, r-release-linux-x86_64, r-release-macos-arm64, r-release-macos-x86_64, r-release-windows-ix86+x86_64