CRAN Package Check Results for Package knitrdata

Last updated on 2021-09-19 07:50:26 CEST.

Flavor Version Tinstall Tcheck Ttotal Status Flags
r-devel-linux-x86_64-debian-clang 0.6.1 2.91 42.74 45.65 NOTE
r-devel-linux-x86_64-debian-gcc 0.6.1 2.29 33.72 36.01 NOTE
r-devel-linux-x86_64-fedora-clang 0.6.1 62.66 NOTE
r-devel-linux-x86_64-fedora-gcc 0.6.1 53.57 NOTE
r-devel-windows-x86_64 0.6.1 4.00 64.00 68.00 NOTE
r-devel-windows-x86_64-gcc10-UCRT 0.6.1 ERROR
r-patched-linux-x86_64 0.6.1 2.58 41.73 44.31 NOTE
r-patched-solaris-x86 0.6.1 68.20 NOTE
r-release-linux-x86_64 0.6.1 2.44 40.60 43.04 NOTE
r-release-macos-arm64 0.6.1 WARN
r-release-macos-x86_64 0.6.1 WARN
r-release-windows-ix86+x86_64 0.6.1 6.00 49.00 55.00 NOTE
r-oldrel-macos-x86_64 0.6.1 WARN
r-oldrel-windows-ix86+x86_64 0.6.1 7.00 52.00 59.00 OK

Check Details

Version: 0.6.1
Check: LazyData
Result: NOTE
     'LazyData' is specified without a 'data' directory
Flavors: r-devel-linux-x86_64-debian-clang, r-devel-linux-x86_64-debian-gcc, r-devel-linux-x86_64-fedora-clang, r-devel-linux-x86_64-fedora-gcc, r-devel-windows-x86_64, r-devel-windows-x86_64-gcc10-UCRT, r-patched-linux-x86_64, r-patched-solaris-x86, r-release-linux-x86_64, r-release-macos-arm64, r-release-macos-x86_64, r-release-windows-ix86+x86_64

Version: 0.6.1
Check: dependencies in R code
Result: NOTE
    Namespace in Imports field not imported from: ‘methods’
     All declared Imports should be used.
Flavors: r-devel-linux-x86_64-fedora-clang, r-devel-linux-x86_64-fedora-gcc, r-devel-windows-x86_64-gcc10-UCRT, r-patched-solaris-x86, r-release-macos-arm64, r-release-macos-x86_64, r-oldrel-macos-x86_64

Version: 0.6.1
Check: whether package can be installed
Result: WARN
    Found the following significant warnings:
     WARNING: installation-time patches will not be applied, could not get the patches index
Flavor: r-devel-windows-x86_64-gcc10-UCRT

Version: 0.6.1
Check: PDF version of manual
Result: WARN
    LaTeX errors when creating PDF version.
    This typically indicates Rd problems.
Flavor: r-devel-windows-x86_64-gcc10-UCRT

Version: 0.6.1
Check: PDF version of manual without hyperrefs or index
Result: ERROR
    Re-running with no redirection of stdout/stderr.
Flavor: r-devel-windows-x86_64-gcc10-UCRT

Version: 0.6.1
Check: package dependencies
Result: NOTE
    Package suggested but not available for checking: ‘gpg’
Flavor: r-patched-solaris-x86

Version: 0.6.1
Check: re-building of vignette outputs
Result: WARN
    Error(s) in re-building vignettes:
     ...
    --- re-building ‘data_language_engine_vignette.Rmd’ using rmarkdown_notangle
    Pandoc is required to build R Markdown vignettes but not available. Please make sure it is installed.
    Loading required namespace: gpg
    Quitting from lines 134-135 (data_language_engine_vignette.Rmd)
    Error: processing vignette 'data_language_engine_vignette.Rmd' failed with diagnostics:
    object 'params' not found
    --- failed re-building ‘data_language_engine_vignette.Rmd’
    
    SUMMARY: processing the following file failed:
     ‘data_language_engine_vignette.Rmd’
    
    Error: Vignette re-building failed.
    Execution halted
Flavor: r-release-macos-arm64

Version: 0.6.1
Check: re-building of vignette outputs
Result: WARN
    Error(s) in re-building vignettes:
     ...
    --- re-building ‘data_language_engine_vignette.Rmd’ using rmarkdown_notangle
    Warning in engine$weave(file, quiet = quiet, encoding = enc) :
     Pandoc (>= 1.12.3) not available. Falling back to R Markdown v1.
    Loading required namespace: gpg
    Quitting from lines 134-135 (data_language_engine_vignette.Rmd)
    Error: processing vignette 'data_language_engine_vignette.Rmd' failed with diagnostics:
    object 'params' not found
    --- failed re-building ‘data_language_engine_vignette.Rmd’
    
    SUMMARY: processing the following file failed:
     ‘data_language_engine_vignette.Rmd’
    
    Error: Vignette re-building failed.
    Execution halted
Flavor: r-release-macos-x86_64

Version: 0.6.1
Check: re-building of vignette outputs
Result: WARN
    Error(s) in re-building vignettes:
     ...
    --- re-building ‘data_language_engine_vignette.Rmd’ using rmarkdown_notangle
    Warning in engine$weave(file, quiet = quiet, encoding = enc) :
     Pandoc (>= 1.12.3) and/or pandoc-citeproc not available. Falling back to R Markdown v1.
    Loading required namespace: gpg
    Quitting from lines 134-135 (data_language_engine_vignette.Rmd)
    Error: processing vignette 'data_language_engine_vignette.Rmd' failed with diagnostics:
    object 'params' not found
    --- failed re-building ‘data_language_engine_vignette.Rmd’
    
    SUMMARY: processing the following file failed:
     ‘data_language_engine_vignette.Rmd’
    
    Error: Vignette re-building failed.
    Execution halted
Flavor: r-oldrel-macos-x86_64