CRAN Package Check Results for Package kknn

Last updated on 2021-06-19 07:48:54 CEST.

Flavor Version Tinstall Tcheck Ttotal Status Flags
r-devel-linux-x86_64-debian-clang 1.3.1 9.59 73.01 82.60 OK
r-devel-linux-x86_64-debian-gcc 1.3.1 6.59 56.07 62.66 OK
r-devel-linux-x86_64-fedora-clang 1.3.1 105.53 NOTE
r-devel-linux-x86_64-fedora-gcc 1.3.1 94.39 NOTE
r-devel-windows-x86_64 1.3.1 13.00 80.00 93.00 OK
r-devel-windows-x86_64-gcc10-UCRT 1.3.1 OK
r-patched-linux-x86_64 1.3.1 12.49 70.27 82.76 OK
r-patched-solaris-x86 1.3.1 147.80 OK
r-release-linux-x86_64 1.3.1 8.54 70.97 79.51 OK
r-release-macos-arm64 1.3.1 OK
r-release-macos-x86_64 1.3.1 OK
r-release-windows-ix86+x86_64 1.3.1 20.00 92.00 112.00 OK
r-oldrel-macos-x86_64 1.3.1 OK
r-oldrel-windows-ix86+x86_64 1.3.1 14.00 118.00 132.00 OK

Check Details

Version: 1.3.1
Check: compiled code
Result: NOTE
    File ‘kknn/libs/kknn.so’:
     Found no calls to: ‘R_registerRoutines’, ‘R_useDynamicSymbols’
    
    It is good practice to register native routines and to disable symbol
    search.
    
    See ‘Writing portable packages’ in the ‘Writing R Extensions’ manual.
Flavors: r-devel-linux-x86_64-fedora-clang, r-devel-linux-x86_64-fedora-gcc