CRAN Package Check Results for Package kernlab

Last updated on 2021-09-23 07:49:42 CEST.

Flavor Version Tinstall Tcheck Ttotal Status Flags
r-devel-linux-x86_64-debian-clang 0.9-29 53.03 174.72 227.75 OK
r-devel-linux-x86_64-debian-gcc 0.9-29 30.64 130.19 160.83 OK
r-devel-linux-x86_64-fedora-clang 0.9-29 293.72 OK
r-devel-linux-x86_64-fedora-gcc 0.9-29 270.96 OK
r-devel-windows-x86_64 0.9-29 70.00 168.00 238.00 OK
r-devel-windows-x86_64-gcc10-UCRT 0.9-29 ERROR
r-patched-linux-x86_64 0.9-29 47.49 169.66 217.15 OK
r-patched-solaris-x86 0.9-29 347.30 OK
r-release-linux-x86_64 0.9-29 45.90 170.26 216.16 OK
r-release-macos-arm64 0.9-29 OK
r-release-macos-x86_64 0.9-29 OK
r-release-windows-ix86+x86_64 0.9-29 116.00 211.00 327.00 OK
r-oldrel-macos-x86_64 0.9-29 OK
r-oldrel-windows-ix86+x86_64 0.9-29 96.00 207.00 303.00 OK

Check Details

Version: 0.9-29
Check: whether package can be installed
Result: ERROR
    Installation failed.
Flavor: r-devel-windows-x86_64-gcc10-UCRT