CRAN Package Check Results for Package kdtools

Last updated on 2022-01-26 07:52:48 CET.

Flavor Version Tinstall Tcheck Ttotal Status Flags
r-devel-linux-x86_64-debian-clang 0.6.0 136.66 205.07 341.73 OK
r-devel-linux-x86_64-debian-gcc 0.6.0 106.86 140.44 247.30 OK
r-devel-linux-x86_64-fedora-clang 0.6.0 453.63 NOTE
r-devel-linux-x86_64-fedora-gcc 0.6.0 436.84 OK
r-devel-windows-x86_64-new-UL 0.6.0 265.00 312.00 577.00 OK
r-devel-windows-x86_64-new-TK 0.6.0 OK
r-patched-linux-x86_64 0.6.0 121.57 185.86 307.43 OK
r-release-linux-x86_64 0.6.0 126.26 184.45 310.71 OK
r-release-macos-arm64 0.6.0 NOTE
r-release-macos-x86_64 0.6.0 NOTE
r-release-windows-ix86+x86_64 0.6.0 280.00 275.00 555.00 NOTE
r-oldrel-macos-x86_64 0.6.0 NOTE
r-oldrel-windows-ix86+x86_64 0.6.0 282.00 270.00 552.00 NOTE

Check Details

Version: 0.6.0
Check: installed package size
Result: NOTE
     installed size is 18.8Mb
     sub-directories of 1Mb or more:
     doc 1.4Mb
     libs 17.1Mb
Flavors: r-devel-linux-x86_64-fedora-clang, r-release-macos-arm64, r-release-macos-x86_64, r-release-windows-ix86+x86_64, r-oldrel-macos-x86_64, r-oldrel-windows-ix86+x86_64