CRAN Package Check Results for Package kappalab

Last updated on 2021-05-08 07:48:11 CEST.

Flavor Version Tinstall Tcheck Ttotal Status Flags
r-devel-linux-x86_64-debian-clang 0.4-7 15.15 103.08 118.23 NOTE
r-devel-linux-x86_64-debian-gcc 0.4-7 11.74 79.36 91.10 NOTE
r-devel-linux-x86_64-fedora-clang 0.4-7 152.96 NOTE
r-devel-linux-x86_64-fedora-gcc 0.4-7 140.58 NOTE
r-devel-windows-ix86+x86_64 0.4-7 31.00 213.00 244.00 OK
r-devel-windows-x86_64-gcc10-UCRT 0.4-7 OK
r-patched-linux-x86_64 0.4-7 13.68 101.24 114.92 NOTE
r-patched-solaris-x86 0.4-7 205.80 NOTE
r-release-linux-x86_64 0.4-7 13.46 99.60 113.06 NOTE
r-release-macos-x86_64 0.4-7 OK
r-release-windows-ix86+x86_64 0.4-7 28.00 162.00 190.00 OK
r-oldrel-macos-x86_64 0.4-7 OK
r-oldrel-windows-ix86+x86_64 0.4-7 49.00 251.00 300.00 OK

Check Details

Version: 0.4-7
Check: for non-standard things in the check directory
Result: NOTE
    Found the following files/directories:
     'my.Mobius.set.func.csv' 'my.card.set.func.csv' 'my.set.func.csv'
Flavors: r-devel-linux-x86_64-debian-clang, r-devel-linux-x86_64-debian-gcc, r-devel-linux-x86_64-fedora-clang, r-devel-linux-x86_64-fedora-gcc, r-patched-linux-x86_64, r-patched-solaris-x86, r-release-linux-x86_64

Version: 0.4-7
Check: compiled code
Result: NOTE
    File ‘kappalab/libs/kappalab.so’:
     Found no calls to: ‘R_registerRoutines’, ‘R_useDynamicSymbols’
    
    It is good practice to register native routines and to disable symbol
    search.
    
    See ‘Writing portable packages’ in the ‘Writing R Extensions’ manual.
Flavors: r-devel-linux-x86_64-fedora-clang, r-devel-linux-x86_64-fedora-gcc