CRAN Package Check Results for Package kantorovich

Last updated on 2021-09-26 07:50:11 CEST.

Flavor Version Tinstall Tcheck Ttotal Status Flags
r-devel-linux-x86_64-debian-clang 3.0.0 11.04 126.95 137.99 NOTE
r-devel-linux-x86_64-debian-gcc 3.0.0 11.09 96.92 108.01 NOTE
r-devel-linux-x86_64-fedora-clang 3.0.0 173.03 NOTE
r-devel-linux-x86_64-fedora-gcc 3.0.0 163.63 NOTE
r-devel-windows-x86_64 3.0.0 16.00 112.00 128.00 NOTE
r-devel-windows-x86_64-gcc10-UCRT 3.0.0 NOTE
r-patched-linux-x86_64 3.0.0 10.10 120.42 130.52 NOTE
r-patched-solaris-x86 3.0.0 237.90 NOTE
r-release-linux-x86_64 3.0.0 11.45 121.69 133.14 NOTE
r-release-macos-arm64 3.0.0 NOTE
r-release-macos-x86_64 3.0.0 NOTE
r-release-windows-ix86+x86_64 3.0.0 31.00 106.00 137.00 NOTE
r-oldrel-macos-x86_64 3.0.0 OK
r-oldrel-windows-ix86+x86_64 3.0.0 20.00 103.00 123.00 OK

Check Details

Version: 3.0.0
Check: LazyData
Result: NOTE
     'LazyData' is specified without a 'data' directory
Flavors: r-devel-linux-x86_64-debian-clang, r-devel-linux-x86_64-debian-gcc, r-devel-linux-x86_64-fedora-clang, r-devel-linux-x86_64-fedora-gcc, r-devel-windows-x86_64, r-devel-windows-x86_64-gcc10-UCRT, r-patched-linux-x86_64, r-patched-solaris-x86, r-release-linux-x86_64, r-release-macos-arm64, r-release-macos-x86_64, r-release-windows-ix86+x86_64