CRAN Package Check Results for Package kangar00

Last updated on 2021-08-04 07:49:39 CEST.

Flavor Version Tinstall Tcheck Ttotal Status Flags
r-devel-linux-x86_64-debian-clang 1.4 30.59 249.80 280.39 OK
r-devel-linux-x86_64-debian-gcc 1.4 24.96 185.42 210.38 OK
r-devel-linux-x86_64-fedora-clang 1.4 342.01 OK
r-devel-linux-x86_64-fedora-gcc 1.4 325.43 OK
r-devel-windows-x86_64 1.4 33.00 274.00 307.00 OK
r-devel-windows-x86_64-gcc10-UCRT 1.4 OK
r-patched-linux-x86_64 1.4 24.46 229.86 254.32 OK
r-patched-solaris-x86 1.4 479.70 OK
r-release-linux-x86_64 1.4 24.25 232.15 256.40 OK
r-release-macos-arm64 1.4 ERROR
r-release-macos-x86_64 1.4 ERROR
r-release-windows-ix86+x86_64 1.4 65.00 199.00 264.00 OK
r-oldrel-macos-x86_64 1.4 ERROR
r-oldrel-windows-ix86+x86_64 1.4 55.00 279.00 334.00 OK

Check Details

Version: 1.4
Check: package dependencies
Result: ERROR
    Packages required but not available: 'biomaRt', 'KEGGgraph'
    
    See section ‘The DESCRIPTION file’ in the ‘Writing R Extensions’
    manual.
Flavor: r-release-macos-arm64

Version: 1.4
Check: package dependencies
Result: ERROR
    Package required but not available: ‘KEGGgraph’
    
    See section ‘The DESCRIPTION file’ in the ‘Writing R Extensions’
    manual.
Flavors: r-release-macos-x86_64, r-oldrel-macos-x86_64