CRAN Package Check Results for Package jubilee

Last updated on 2021-10-18 07:49:45 CEST.

Flavor Version Tinstall Tcheck Ttotal Status Flags
r-devel-linux-x86_64-debian-clang 0.3.3 8.36 97.34 105.70 NOTE
r-devel-linux-x86_64-debian-gcc 0.3.3 6.50 72.29 78.79 NOTE
r-devel-linux-x86_64-fedora-clang 0.3.3 137.60 NOTE
r-devel-linux-x86_64-fedora-gcc 0.3.3 122.17 NOTE
r-devel-windows-x86_64 0.3.3 15.00 153.00 168.00 NOTE
r-devel-windows-x86_64-gcc10-UCRT 0.3.3 NOTE
r-patched-linux-x86_64 0.3.3 9.37 91.97 101.34 NOTE
r-patched-solaris-x86 0.3.3 186.30 NOTE
r-release-linux-x86_64 0.3.3 7.36 91.48 98.84 NOTE
r-release-macos-arm64 0.3.3 NOTE
r-release-macos-x86_64 0.3.3 NOTE
r-release-windows-ix86+x86_64 0.3.3 35.00 142.00 177.00 NOTE
r-oldrel-macos-x86_64 0.3.3 OK
r-oldrel-windows-ix86+x86_64 0.3.3 19.00 163.00 182.00 OK

Check Details

Version: 0.3.3
Check: LazyData
Result: NOTE
     'LazyData' is specified without a 'data' directory
Flavors: r-devel-linux-x86_64-debian-clang, r-devel-linux-x86_64-debian-gcc, r-devel-linux-x86_64-fedora-clang, r-devel-linux-x86_64-fedora-gcc, r-devel-windows-x86_64, r-devel-windows-x86_64-gcc10-UCRT, r-patched-linux-x86_64, r-patched-solaris-x86, r-release-linux-x86_64, r-release-macos-arm64, r-release-macos-x86_64, r-release-windows-ix86+x86_64