CRAN Package Check Results for Package jsontools

Last updated on 2021-08-05 07:49:31 CEST.

Flavor Version Tinstall Tcheck Ttotal Status Flags
r-devel-linux-x86_64-debian-clang 0.1.0 5.30 72.89 78.19 OK
r-devel-linux-x86_64-debian-gcc 0.1.0 4.79 54.23 59.02 OK
r-devel-linux-x86_64-fedora-clang 0.1.0 103.70 OK
r-devel-linux-x86_64-fedora-gcc 0.1.0 90.57 OK
r-devel-windows-x86_64 0.1.0 9.00 95.00 104.00 OK
r-devel-windows-x86_64-gcc10-UCRT 0.1.0 ERROR
r-patched-linux-x86_64 0.1.0 5.59 67.62 73.21 OK
r-patched-solaris-x86 0.1.0 123.50 OK
r-release-linux-x86_64 0.1.0 4.74 67.85 72.59 OK
r-release-macos-arm64 0.1.0 OK
r-release-macos-x86_64 0.1.0 OK
r-release-windows-ix86+x86_64 0.1.0 14.00 101.00 115.00 OK
r-oldrel-macos-x86_64 0.1.0 OK
r-oldrel-windows-ix86+x86_64 0.1.0 27.00 97.00 124.00 OK

Check Details

Version: 0.1.0
Check: package dependencies
Result: ERROR
    Packages required but not available: 'pillar', 'tibble'
    
    Packages suggested but not available for checking:
     'dplyr', 'repurrrsive', 'testthat'
    
    See section 'The DESCRIPTION file' in the 'Writing R Extensions'
    manual.
Flavor: r-devel-windows-x86_64-gcc10-UCRT