CRAN Package Check Results for Package janeaustenr

Last updated on 2021-07-27 07:50:29 CEST.

Flavor Version Tinstall Tcheck Ttotal Status Flags
r-devel-linux-x86_64-debian-clang 0.1.5 3.01 24.84 27.85 OK
r-devel-linux-x86_64-debian-gcc 0.1.5 2.73 20.23 22.96 OK
r-devel-linux-x86_64-fedora-clang 0.1.5 44.72 NOTE
r-devel-linux-x86_64-fedora-gcc 0.1.5 33.49 NOTE
r-devel-windows-x86_64 0.1.5 5.00 42.00 47.00 OK
r-devel-windows-x86_64-gcc10-UCRT 0.1.5 NOTE
r-patched-linux-x86_64 0.1.5 3.40 24.37 27.77 OK
r-patched-solaris-x86 0.1.5 51.00 NOTE
r-release-linux-x86_64 0.1.5 3.01 24.42 27.43 OK
r-release-macos-arm64 0.1.5 NOTE
r-release-macos-x86_64 0.1.5 NOTE
r-release-windows-ix86+x86_64 0.1.5 6.00 30.00 36.00 OK
r-oldrel-macos-x86_64 0.1.5 NOTE
r-oldrel-windows-ix86+x86_64 0.1.5 5.00 41.00 46.00 OK

Check Details

Version: 0.1.5
Check: data for non-ASCII characters
Result: NOTE
     Note: found 1 marked UTF-8 string
Flavors: r-devel-linux-x86_64-fedora-clang, r-devel-linux-x86_64-fedora-gcc, r-devel-windows-x86_64-gcc10-UCRT, r-patched-solaris-x86, r-release-macos-arm64, r-release-macos-x86_64, r-oldrel-macos-x86_64