CRAN Package Check Results for Package ivreg

Last updated on 2021-10-24 07:57:22 CEST.

Flavor Version Tinstall Tcheck Ttotal Status Flags
r-devel-linux-x86_64-debian-clang 0.6-1 6.81 90.40 97.21 OK
r-devel-linux-x86_64-debian-gcc 0.6-1 6.13 66.37 72.50 OK
r-devel-linux-x86_64-fedora-clang 0.6-1 124.85 NOTE
r-devel-linux-x86_64-fedora-gcc 0.6-1 118.12 OK
r-devel-windows-x86_64 0.6-1 9.00 123.00 132.00 NOTE
r-devel-windows-x86_64-gcc10-UCRT 0.6-1 OK
r-patched-linux-x86_64 0.6-1 13.10 85.93 99.03 OK
r-patched-solaris-x86 0.6-1 127.60 NOTE
r-release-linux-x86_64 0.6-1 7.43 86.92 94.35 OK
r-release-macos-arm64 0.6-0 NOTE
r-release-macos-x86_64 0.6-1 NOTE
r-release-windows-ix86+x86_64 0.6-1 16.00 85.00 101.00 NOTE
r-oldrel-macos-x86_64 0.6-1 NOTE
r-oldrel-windows-ix86+x86_64 0.6-1 12.00 89.00 101.00 NOTE

Check Details

Version: 0.6-1
Check: installed package size
Result: NOTE
     installed size is 5.7Mb
     sub-directories of 1Mb or more:
     doc 5.4Mb
Flavors: r-devel-linux-x86_64-fedora-clang, r-devel-windows-x86_64, r-patched-solaris-x86, r-release-macos-x86_64, r-release-windows-ix86+x86_64, r-oldrel-macos-x86_64, r-oldrel-windows-ix86+x86_64

Version: 0.6-0
Check: installed package size
Result: NOTE
     installed size is 5.7Mb
     sub-directories of 1Mb or more:
     doc 5.4Mb
Flavor: r-release-macos-arm64