CRAN Package Check Results for Package ivmte

Last updated on 2021-08-03 07:54:27 CEST.

Flavor Version Tinstall Tcheck Ttotal Status Flags
r-devel-linux-x86_64-debian-clang 1.2.0 12.98 88.26 101.24 NOTE --no-vignettes
r-devel-linux-x86_64-debian-gcc 1.2.0 11.50 65.54 77.04 NOTE --no-vignettes
r-devel-linux-x86_64-fedora-clang 1.2.0 130.68 NOTE --no-vignettes
r-devel-linux-x86_64-fedora-gcc 1.2.0 118.76 NOTE --no-vignettes
r-devel-windows-x86_64 1.2.0 22.00 106.00 128.00 NOTE --no-vignettes
r-devel-windows-x86_64-gcc10-UCRT 1.2.0 NOTE --no-vignettes
r-patched-linux-x86_64 1.2.0 13.74 84.11 97.85 NOTE --no-vignettes
r-patched-solaris-x86 1.2.0 146.80 NOTE --no-vignettes
r-release-linux-x86_64 1.2.0 12.31 83.33 95.64 NOTE --no-vignettes
r-release-macos-arm64 1.2.0 WARN
r-release-macos-x86_64 1.2.0 NOTE
r-release-windows-ix86+x86_64 1.2.0 22.00 73.00 95.00 NOTE --no-vignettes
r-oldrel-macos-x86_64 1.2.0 NOTE
r-oldrel-windows-ix86+x86_64 1.2.0 17.00 102.00 119.00 NOTE --no-vignettes

Check Details

Version: 1.2.0
Flags: --no-vignettes
Check: package dependencies
Result: NOTE
    Package suggested but not available for checking: 'gurobi'
Flavors: r-devel-linux-x86_64-debian-clang, r-devel-linux-x86_64-debian-gcc, r-patched-linux-x86_64, r-release-linux-x86_64

Version: 1.2.0
Flags: --no-vignettes
Check: package dependencies
Result: NOTE
    Packages suggested but not available for checking: 'gurobi', 'cplexAPI'
Flavors: r-devel-linux-x86_64-fedora-clang, r-devel-linux-x86_64-fedora-gcc, r-devel-windows-x86_64, r-devel-windows-x86_64-gcc10-UCRT, r-patched-solaris-x86, r-release-windows-ix86+x86_64, r-oldrel-windows-ix86+x86_64

Version: 1.2.0
Check: package dependencies
Result: NOTE
    Packages suggested but not available for checking: 'gurobi', 'cplexAPI'
Flavors: r-release-macos-arm64, r-release-macos-x86_64, r-oldrel-macos-x86_64

Version: 1.2.0
Check: re-building of vignette outputs
Result: WARN
    Error(s) in re-building vignettes:
     ...
    --- re-building ‘ivmte.Rmd’ using rmarkdown
    Warning in engine$weave(file, quiet = quiet, encoding = enc) :
     Pandoc (>= 1.12.3) not available. Falling back to R Markdown v1.
    Quitting from lines 675-703 (ivmte.Rmd)
    Error: processing vignette 'ivmte.Rmd' failed with diagnostics:
    polygon edge not found
    --- failed re-building ‘ivmte.Rmd’
    
    SUMMARY: processing the following file failed:
     ‘ivmte.Rmd’
    
    Error: Vignette re-building failed.
    Execution halted
Flavor: r-release-macos-arm64