CRAN Package Check Results for Package itsadug

Last updated on 2021-10-20 07:49:50 CEST.

Flavor Version Tinstall Tcheck Ttotal Status Flags
r-devel-linux-x86_64-debian-clang 2.4 14.76 202.85 217.61 OK
r-devel-linux-x86_64-debian-gcc 2.4 11.72 153.99 165.71 OK
r-devel-linux-x86_64-fedora-clang 2.4 273.85 OK
r-devel-linux-x86_64-fedora-gcc 2.4 258.55 OK
r-devel-windows-x86_64 2.4 22.00 268.00 290.00 OK
r-devel-windows-x86_64-gcc10-UCRT 2.4 OK
r-patched-linux-x86_64 2.4 19.09 112.23 131.32 OK
r-patched-solaris-x86 2.4 510.20 NOTE
r-release-linux-x86_64 2.4 17.16 113.81 130.97 OK
r-release-macos-arm64 2.4 OK
r-release-macos-x86_64 2.4 OK
r-release-windows-ix86+x86_64 2.4 18.00 148.00 166.00 OK
r-oldrel-macos-x86_64 2.4 OK
r-oldrel-windows-ix86+x86_64 2.4 28.00 151.00 179.00 OK

Check Details

Version: 2.4
Check: installed package size
Result: NOTE
     installed size is 5.5Mb
     sub-directories of 1Mb or more:
     doc 4.1Mb
Flavor: r-patched-solaris-x86