CRAN Package Check Results for Package isoreader

Last updated on 2021-06-22 07:49:31 CEST.

Flavor Version Tinstall Tcheck Ttotal Status Flags
r-devel-linux-x86_64-debian-clang 1.3.0 16.80 287.54 304.34 NOTE
r-devel-linux-x86_64-debian-gcc 1.3.0 14.34 212.81 227.15 NOTE
r-devel-linux-x86_64-fedora-clang 1.3.0 362.40 NOTE
r-devel-linux-x86_64-fedora-gcc 1.3.0 356.86 NOTE
r-devel-windows-x86_64 1.3.0 25.00 247.00 272.00 NOTE
r-devel-windows-x86_64-gcc10-UCRT 1.3.0 NOTE
r-patched-linux-x86_64 1.3.0 22.61 272.69 295.30 NOTE
r-patched-solaris-x86 1.3.0 452.90 NOTE
r-release-linux-x86_64 1.3.0 13.58 268.39 281.97 NOTE
r-release-macos-arm64 1.3.0 NOTE
r-release-macos-x86_64 1.3.0 NOTE
r-release-windows-ix86+x86_64 1.3.0 32.00 329.00 361.00 NOTE
r-oldrel-macos-x86_64 1.3.0 OK

Check Details

Version: 1.3.0
Check: LazyData
Result: NOTE
     'LazyData' is specified without a 'data' directory
Flavors: r-devel-linux-x86_64-debian-clang, r-devel-linux-x86_64-debian-gcc, r-devel-linux-x86_64-fedora-clang, r-devel-linux-x86_64-fedora-gcc, r-devel-windows-x86_64, r-devel-windows-x86_64-gcc10-UCRT, r-patched-linux-x86_64, r-patched-solaris-x86, r-release-linux-x86_64, r-release-macos-arm64, r-release-macos-x86_64, r-release-windows-ix86+x86_64

Version: 1.3.0
Check: package dependencies
Result: NOTE
    Packages suggested but not available for checking:
     'devtools', 'rhdf5', 'covr'
Flavor: r-devel-windows-x86_64-gcc10-UCRT

Version: 1.3.0
Check: installed package size
Result: NOTE
     installed size is 5.3Mb
     sub-directories of 1Mb or more:
     extdata 3.4Mb
Flavor: r-patched-solaris-x86