CRAN Package Check Results for Package iptools

Last updated on 2021-06-15 08:49:58 CEST.

Flavor Version Tinstall Tcheck Ttotal Status Flags
r-devel-linux-x86_64-debian-clang 0.6.1 48.50 49.71 98.21 OK
r-devel-linux-x86_64-debian-gcc 0.6.1 31.43 38.49 69.92 OK
r-devel-linux-x86_64-fedora-clang 0.6.1 137.89 NOTE
r-devel-linux-x86_64-fedora-gcc 0.6.1 120.71 NOTE
r-devel-windows-x86_64 0.6.1 63.00 81.00 144.00 OK
r-devel-windows-x86_64-gcc10-UCRT 0.6.1 NOTE
r-patched-linux-x86_64 0.6.1 38.41 47.31 85.72 OK
r-release-linux-x86_64 0.6.1 38.97 47.27 86.24 OK
r-release-macos-arm64 0.6.1 ERROR
r-release-macos-x86_64 0.6.1 NOTE
r-release-windows-ix86+x86_64 0.6.1 82.00 106.00 188.00 OK
r-oldrel-macos-x86_64 0.6.1 NOTE
r-oldrel-windows-ix86+x86_64 0.6.1 117.00 111.00 228.00 OK

Additional issues

clang-UBSAN M1mac

Check Details

Version: 0.6.1
Check: data for non-ASCII characters
Result: NOTE
     Note: found 12 marked UTF-8 strings
Flavors: r-devel-linux-x86_64-fedora-clang, r-devel-linux-x86_64-fedora-gcc, r-devel-windows-x86_64-gcc10-UCRT, r-release-macos-arm64, r-release-macos-x86_64, r-oldrel-macos-x86_64

Version: 0.6.1
Check: tests
Result: ERROR
     Running ‘test-all.R’ [1s/1s]
    Running the tests in ‘tests/test-all.R’ failed.
    Last 13 lines of output:
     ══ Failed tests ════════════════════════════════════════════════════════════════
     ── Failure (test_ip_conversion.R:42:3): Error handlers for numeric to dotted-decimal work ──
     `x` not equal to `expected`.
     1/1 mismatches
     x[1]: "255.255.255.255"
     y[1]: "0.0.0.0"
     Backtrace:
     █
     1. └─testthat::expect_that(result, equals("0.0.0.0")) test_ip_conversion.R:42:2
     2. └─testthat:::condition(object)
     3. └─testthat::expect_equal(x, expected, ..., expected.label = label)
    
     [ FAIL 1 | WARN 0 | SKIP 0 | PASS 81 ]
     Error: Test failures
     Execution halted
Flavor: r-release-macos-arm64