CRAN Package Check Results for Package iptools

Last updated on 2021-09-18 08:50:47 CEST.

Flavor Version Tinstall Tcheck Ttotal Status Flags
r-devel-linux-x86_64-debian-clang 0.7.2 47.94 39.73 87.67 OK
r-devel-linux-x86_64-debian-gcc 0.7.2 31.24 30.99 62.23 OK
r-devel-linux-x86_64-fedora-clang 0.7.2 126.43 NOTE
r-devel-linux-x86_64-fedora-gcc 0.7.2 107.05 NOTE
r-devel-windows-x86_64 0.7.2 50.00 74.00 124.00 OK
r-devel-windows-x86_64-gcc10-UCRT 0.7.2 NOTE
r-patched-linux-x86_64 0.7.2 39.41 39.32 78.73 OK
r-release-linux-x86_64 0.7.2 35.90 38.94 74.84 OK
r-release-macos-arm64 0.7.2 NOTE
r-release-macos-x86_64 0.7.2 NOTE
r-release-windows-ix86+x86_64 0.7.2 111.00 73.00 184.00 OK
r-oldrel-macos-x86_64 0.7.2 NOTE
r-oldrel-windows-ix86+x86_64 0.7.2 116.00 92.00 208.00 OK

Check Details

Version: 0.7.2
Check: data for non-ASCII characters
Result: NOTE
     Note: found 12 marked UTF-8 strings
Flavors: r-devel-linux-x86_64-fedora-clang, r-devel-linux-x86_64-fedora-gcc, r-devel-windows-x86_64-gcc10-UCRT, r-release-macos-arm64, r-release-macos-x86_64, r-oldrel-macos-x86_64