CRAN Package Check Results for Package ipfr

Last updated on 2021-06-15 08:49:58 CEST.

Flavor Version Tinstall Tcheck Ttotal Status Flags
r-devel-linux-x86_64-debian-clang 1.0.2 5.64 157.91 163.55 NOTE
r-devel-linux-x86_64-debian-gcc 1.0.2 4.34 118.07 122.41 NOTE
r-devel-linux-x86_64-fedora-clang 1.0.2 194.54 NOTE
r-devel-linux-x86_64-fedora-gcc 1.0.2 186.89 NOTE
r-devel-windows-x86_64 1.0.2 10.00 188.00 198.00 NOTE
r-devel-windows-x86_64-gcc10-UCRT 1.0.2 NOTE
r-patched-linux-x86_64 1.0.2 3.47 149.99 153.46 NOTE
r-patched-solaris-x86 1.0.2 241.40 NOTE
r-release-linux-x86_64 1.0.2 4.80 151.40 156.20 NOTE
r-release-macos-arm64 1.0.2 NOTE
r-release-macos-x86_64 1.0.2 NOTE
r-release-windows-ix86+x86_64 1.0.2 14.00 188.00 202.00 NOTE
r-oldrel-macos-x86_64 1.0.2 OK
r-oldrel-windows-ix86+x86_64 1.0.2 15.00 205.00 220.00 OK

Check Details

Version: 1.0.2
Check: LazyData
Result: NOTE
     'LazyData' is specified without a 'data' directory
Flavors: r-devel-linux-x86_64-debian-clang, r-devel-linux-x86_64-debian-gcc, r-devel-linux-x86_64-fedora-clang, r-devel-linux-x86_64-fedora-gcc, r-devel-windows-x86_64, r-devel-windows-x86_64-gcc10-UCRT, r-patched-linux-x86_64, r-patched-solaris-x86, r-release-linux-x86_64, r-release-macos-arm64, r-release-macos-x86_64, r-release-windows-ix86+x86_64