CRAN Package Check Results for Package intervals

Last updated on 2021-09-19 07:50:25 CEST.

Flavor Version Tinstall Tcheck Ttotal Status Flags
r-devel-linux-x86_64-debian-clang 0.15.2 10.54 50.99 61.53 OK
r-devel-linux-x86_64-debian-gcc 0.15.2 7.78 39.33 47.11 OK
r-devel-linux-x86_64-fedora-clang 0.15.2 90.75 OK
r-devel-linux-x86_64-fedora-gcc 0.15.2 72.53 OK
r-devel-windows-x86_64 0.15.2 15.00 83.00 98.00 OK
r-devel-windows-x86_64-gcc10-UCRT 0.15.2 ERROR
r-patched-linux-x86_64 0.15.2 10.25 49.20 59.45 OK
r-patched-solaris-x86 0.15.2 109.80 OK
r-release-linux-x86_64 0.15.2 8.03 49.47 57.50 OK
r-release-macos-arm64 0.15.2 OK
r-release-macos-x86_64 0.15.2 OK
r-release-windows-ix86+x86_64 0.15.2 27.00 68.00 95.00 OK
r-oldrel-macos-x86_64 0.15.2 OK
r-oldrel-windows-ix86+x86_64 0.15.2 22.00 70.00 92.00 OK

Check Details

Version: 0.15.2
Check: whether package can be installed
Result: ERROR
    Installation failed.
Flavor: r-devel-windows-x86_64-gcc10-UCRT