CRAN Package Check Results for Package installr

Last updated on 2021-08-05 07:49:30 CEST.

Flavor Version Tinstall Tcheck Ttotal Status Flags
r-devel-linux-x86_64-debian-clang 0.23.2 4.49 49.41 53.90 OK
r-devel-linux-x86_64-debian-gcc 0.23.2 3.47 37.74 41.21 OK
r-devel-linux-x86_64-fedora-clang 0.23.2 73.98 OK
r-devel-linux-x86_64-fedora-gcc 0.23.2 71.77 NOTE
r-devel-windows-x86_64 0.23.2 8.00 74.00 82.00 OK
r-devel-windows-x86_64-gcc10-UCRT 0.23.2 ERROR
r-patched-linux-x86_64 0.23.2 5.83 47.22 53.05 OK
r-patched-solaris-x86 0.23.2 92.60 OK
r-release-linux-x86_64 0.23.2 5.11 47.49 52.60 OK
r-release-macos-arm64 0.23.2 OK
r-release-macos-x86_64 0.23.2 OK
r-release-windows-ix86+x86_64 0.23.2 10.00 73.00 83.00 OK
r-oldrel-macos-x86_64 0.23.2 OK
r-oldrel-windows-ix86+x86_64 0.23.2 8.00 67.00 75.00 OK

Check Details

Version: 0.23.2
Check: for non-standard things in the check directory
Result: NOTE
    Found the following files/directories:
     ‘pkgbuild’
Flavor: r-devel-linux-x86_64-fedora-gcc

Version: 0.23.2
Check: package dependencies
Result: NOTE
    Packages suggested but not available for checking:
     'devtools', 'ggplot2', 'pkgbuild', 'testthat', 'mockery'
Flavor: r-devel-windows-x86_64-gcc10-UCRT

Version: 0.23.2
Check: Rd cross-references
Result: NOTE
    Package unavailable to check Rd xrefs: 'ggplot2'
Flavor: r-devel-windows-x86_64-gcc10-UCRT

Version: 0.23.2
Check: tests
Result: ERROR
     Running 'testthat.R'
    Running the tests in 'tests/testthat.R' failed.
    Complete output:
     > library(testthat)
     Error in library(testthat) : there is no package called 'testthat'
     Execution halted
Flavor: r-devel-windows-x86_64-gcc10-UCRT