CRAN Package Check Results for Package insight

Last updated on 2021-10-20 07:49:49 CEST.

Flavor Version Tinstall Tcheck Ttotal Status Flags
r-devel-linux-x86_64-debian-clang 0.14.5 27.48 385.48 412.96 OK
r-devel-linux-x86_64-debian-gcc 0.14.5 19.15 282.01 301.16 OK
r-devel-linux-x86_64-fedora-clang 0.14.5 515.65 OK
r-devel-linux-x86_64-fedora-gcc 0.14.5 501.25 OK
r-devel-windows-x86_64 0.14.5 31.00 475.00 506.00 OK
r-devel-windows-x86_64-gcc10-UCRT 0.14.4 OK
r-patched-linux-x86_64 0.14.5 24.09 368.81 392.90 OK
r-patched-solaris-x86 0.14.5 263.30 NOTE
r-release-linux-x86_64 0.14.4 22.38 317.38 339.76 OK
r-release-macos-arm64 0.14.4 OK
r-release-macos-x86_64 0.14.5 OK
r-release-windows-ix86+x86_64 0.14.5 30.00 346.00 376.00 OK
r-oldrel-macos-x86_64 0.14.5 OK
r-oldrel-windows-ix86+x86_64 0.14.5 32.00 328.00 360.00 OK

Check Details

Version: 0.14.5
Check: package dependencies
Result: NOTE
    Package suggested but not available for checking: ‘glmmTMB’
Flavor: r-patched-solaris-x86