CRAN Package Check Results for Package incidence2

Last updated on 2021-08-04 07:49:37 CEST.

Flavor Version Tinstall Tcheck Ttotal Status Flags
r-devel-linux-x86_64-debian-clang 1.2.1 6.79 116.25 123.04 OK
r-devel-linux-x86_64-debian-gcc 1.2.1 5.16 76.50 81.66 OK
r-devel-linux-x86_64-fedora-clang 1.2.1 139.26 OK
r-devel-linux-x86_64-fedora-gcc 1.2.1 123.84 OK
r-devel-windows-x86_64 1.2.1 8.00 119.00 127.00 OK
r-devel-windows-x86_64-gcc10-UCRT 1.2.1 OK
r-patched-linux-x86_64 1.2.1 10.82 95.82 106.64 OK
r-patched-solaris-x86 1.2.1 160.80 OK
r-release-linux-x86_64 1.2.1 5.63 96.15 101.78 OK
r-release-macos-arm64 1.2.1 WARN
r-release-macos-x86_64 1.2.1 OK
r-release-windows-ix86+x86_64 1.2.1 13.00 119.00 132.00 OK
r-oldrel-macos-x86_64 1.2.1 OK
r-oldrel-windows-ix86+x86_64 1.2.1 9.00 124.00 133.00 OK

Check Details

Version: 1.2.1
Check: re-building of vignette outputs
Result: WARN
    Error(s) in re-building vignettes:
    --- re-building ‘Introduction.Rmd’ using rmarkdown
    Warning in engine$weave(file, quiet = quiet, encoding = enc) :
     Pandoc (>= 1.12.3) not available. Falling back to R Markdown v1.
    Quitting from lines 59-63 (Introduction.Rmd)
    Error: processing vignette 'Introduction.Rmd' failed with diagnostics:
    polygon edge not found
    --- failed re-building ‘Introduction.Rmd’
    
    --- re-building ‘alternative_date_groupings.Rmd’ using rmarkdown
    Warning in engine$weave(file, quiet = quiet, encoding = enc) :
     Pandoc (>= 1.12.3) not available. Falling back to R Markdown v1.
    --- finished re-building ‘alternative_date_groupings.Rmd’
    
    --- re-building ‘customizing_incidence_plots.Rmd’ using rmarkdown
    Warning in engine$weave(file, quiet = quiet, encoding = enc) :
     Pandoc (>= 1.12.3) not available. Falling back to R Markdown v1.
    Quitting from lines 59-60 (customizing_incidence_plots.Rmd)
    Error: processing vignette 'customizing_incidence_plots.Rmd' failed with diagnostics:
    polygon edge not found
    --- failed re-building ‘customizing_incidence_plots.Rmd’
    
    --- re-building ‘handling_incidence_objects.Rmd’ using rmarkdown
    Warning in engine$weave(file, quiet = quiet, encoding = enc) :
     Pandoc (>= 1.12.3) not available. Falling back to R Markdown v1.
    
    Attaching package: 'dplyr'
    
    The following objects are masked from 'package:stats':
    
     filter, lag
    
    The following objects are masked from 'package:base':
    
     intersect, setdiff, setequal, union
    
    --- finished re-building ‘handling_incidence_objects.Rmd’
    
    SUMMARY: processing the following files failed:
     ‘Introduction.Rmd’ ‘customizing_incidence_plots.Rmd’
    
    Error: Vignette re-building failed.
    Execution halted
Flavor: r-release-macos-arm64