CRAN Package Check Results for Package incR

Last updated on 2021-10-21 07:49:58 CEST.

Flavor Version Tinstall Tcheck Ttotal Status Flags
r-devel-linux-x86_64-debian-clang 1.1.0 3.11 40.03 43.14 OK
r-devel-linux-x86_64-debian-gcc 1.1.0 2.43 31.41 33.84 OK
r-devel-linux-x86_64-fedora-clang 1.1.0 62.87 NOTE
r-devel-linux-x86_64-fedora-gcc 1.1.0 51.44 NOTE
r-devel-windows-x86_64 1.1.0 6.00 73.00 79.00 OK
r-devel-windows-x86_64-gcc10-UCRT 1.1.0 NOTE
r-patched-linux-x86_64 1.1.0 7.32 37.18 44.50 OK
r-patched-solaris-x86 1.1.0 70.00 NOTE
r-release-linux-x86_64 1.1.0 2.86 37.03 39.89 OK
r-release-macos-arm64 1.1.0 NOTE
r-release-macos-x86_64 1.1.0 NOTE
r-release-windows-ix86+x86_64 1.1.0 7.00 60.00 67.00 OK
r-oldrel-macos-x86_64 1.1.0 NOTE
r-oldrel-windows-ix86+x86_64 1.1.0 7.00 65.00 72.00 OK

Check Details

Version: 1.1.0
Check: dependencies in R code
Result: NOTE
    Namespaces in Imports field not imported from:
     ‘dplyr’ ‘rgeos’
     All declared Imports should be used.
Flavors: r-devel-linux-x86_64-fedora-clang, r-devel-linux-x86_64-fedora-gcc, r-devel-windows-x86_64-gcc10-UCRT, r-patched-solaris-x86, r-release-macos-arm64, r-release-macos-x86_64, r-oldrel-macos-x86_64