CRAN Package Check Results for Package immuneSIM

Last updated on 2021-07-27 07:50:28 CEST.

Flavor Version Tinstall Tcheck Ttotal Status Flags
r-devel-linux-x86_64-debian-clang 0.8.7 0.71 2.56 3.27 ERROR
r-devel-linux-x86_64-debian-gcc 0.8.7 0.59 1.94 2.53 ERROR
r-devel-linux-x86_64-fedora-clang 0.8.7 12.27 ERROR
r-devel-linux-x86_64-fedora-gcc 0.8.7 2.53 ERROR
r-devel-windows-x86_64 0.8.7 72.00 225.00 297.00 NOTE
r-devel-windows-x86_64-gcc10-UCRT 0.8.7 NOTE
r-patched-linux-x86_64 0.8.7 44.95 182.98 227.93 NOTE
r-patched-solaris-x86 0.8.7 474.70 NOTE
r-release-linux-x86_64 0.8.7 41.78 184.49 226.27 NOTE
r-release-macos-arm64 0.8.7 NOTE
r-release-macos-x86_64 0.8.7 NOTE
r-release-windows-ix86+x86_64 0.8.7 85.00 166.00 251.00 NOTE
r-oldrel-macos-x86_64 0.8.7 OK
r-oldrel-windows-ix86+x86_64 0.8.7 85.00 209.00 294.00 OK

Check Details

Version: 0.8.7
Check: package dependencies
Result: ERROR
    Package required but not available: 'stringdist'
    
    See section 'The DESCRIPTION file' in the 'Writing R Extensions'
    manual.
Flavors: r-devel-linux-x86_64-debian-clang, r-devel-linux-x86_64-debian-gcc, r-devel-linux-x86_64-fedora-clang, r-devel-linux-x86_64-fedora-gcc

Version: 0.8.7
Check: LazyData
Result: NOTE
     'LazyData' is specified without a 'data' directory
Flavors: r-devel-windows-x86_64, r-devel-windows-x86_64-gcc10-UCRT, r-patched-linux-x86_64, r-patched-solaris-x86, r-release-linux-x86_64, r-release-macos-arm64, r-release-macos-x86_64, r-release-windows-ix86+x86_64

Version: 0.8.7
Check: installed package size
Result: NOTE
     installed size is 5.2Mb
     sub-directories of 1Mb or more:
     R 5.1Mb
Flavor: r-release-macos-arm64