CRAN Package Check Results for Package idiogramFISH

Last updated on 2021-06-23 08:49:38 CEST.

Flavor Version Tinstall Tcheck Ttotal Status Flags
r-devel-linux-x86_64-debian-clang 2.0.5 31.63 143.98 175.61 OK
r-devel-linux-x86_64-debian-gcc 2.0.5 25.83 103.91 129.74 OK
r-devel-linux-x86_64-fedora-clang 2.0.5 224.39 OK
r-devel-linux-x86_64-fedora-gcc 2.0.5 213.64 OK
r-devel-windows-x86_64 2.0.5 48.00 122.00 170.00 OK
r-devel-windows-x86_64-gcc10-UCRT 2.0.5 ERROR
r-patched-linux-x86_64 2.0.5 27.31 134.39 161.70 OK
r-patched-solaris-x86 2.0.5 260.30 OK
r-release-linux-x86_64 2.0.5 25.93 135.83 161.76 OK
r-release-macos-arm64 2.0.5 NOTE
r-release-macos-x86_64 2.0.5 NOTE
r-release-windows-ix86+x86_64 2.0.5 40.00 118.00 158.00 OK
r-oldrel-macos-x86_64 2.0.5 NOTE

Check Details

Version: 2.0.5
Check: package dependencies
Result: WARN
    Skipping vignette re-building
    Packages suggested but not available for checking:
     'rentrez', 'ggpubr', 'kableExtra', 'badger'
    
    VignetteBuilder packages required for checking but not installed:
     'kableExtra', 'badger', 'rentrez'
Flavor: r-devel-windows-x86_64-gcc10-UCRT

Version: 2.0.5
Check: running R code from vignettes
Result: ERROR
    Errors in running code in vignettes:
    when running code in 'AVignette.Rmd'
     ...
    Error in loadVignetteBuilder(pkgdir) :
     vignette builder 'kableExtra' not found
    Calls: <Anonymous> -> loadVignetteBuilder
    Execution halted
    
    ... incomplete output. Crash?
    when running code in 'index.Rmd'
     ...
    Error in loadVignetteBuilder(pkgdir) :
     vignette builder 'kableExtra' not found
    Calls: <Anonymous> -> loadVignetteBuilder
    Execution halted
    
    ... incomplete output. Crash?
    
     'AVignette.Rmd' using 'UTF-8'... failed to complete the test
     'index.Rmd' using 'UTF-8'... failed to complete the test
Flavor: r-devel-windows-x86_64-gcc10-UCRT

Version: 2.0.5
Check: package dependencies
Result: NOTE
    Packages suggested but not available for checking: 'ggtree', 'treeio'
Flavors: r-release-macos-arm64, r-release-macos-x86_64, r-oldrel-macos-x86_64