CRAN Package Check Results for Package ideq

Last updated on 2021-08-02 07:51:49 CEST.

Flavor Version Tinstall Tcheck Ttotal Status Flags
r-devel-linux-x86_64-debian-clang 0.1.4 132.76 43.94 176.70 OK
r-devel-linux-x86_64-debian-gcc 0.1.4 80.66 34.76 115.42 OK
r-devel-linux-x86_64-fedora-clang 0.1.4 248.10 NOTE
r-devel-linux-x86_64-fedora-gcc 0.1.4 217.58 OK
r-devel-windows-x86_64 0.1.4 107.00 69.00 176.00 OK
r-devel-windows-x86_64-gcc10-UCRT 0.1.4 OK
r-patched-linux-x86_64 0.1.4 OK
r-patched-solaris-x86 0.1.4 204.30 OK
r-release-linux-x86_64 0.1.4 101.94 42.63 144.57 OK
r-release-macos-arm64 0.1.4 NOTE
r-release-macos-x86_64 0.1.4 NOTE
r-release-windows-ix86+x86_64 0.1.4 289.00 84.00 373.00 OK
r-oldrel-macos-x86_64 0.1.4 NOTE
r-oldrel-windows-ix86+x86_64 0.1.4 208.00 106.00 314.00 OK

Check Details

Version: 0.1.4
Check: installed package size
Result: NOTE
     installed size is 6.5Mb
     sub-directories of 1Mb or more:
     libs 6.3Mb
Flavors: r-devel-linux-x86_64-fedora-clang, r-release-macos-arm64, r-release-macos-x86_64, r-oldrel-macos-x86_64