CRAN Package Check Results for Package iClick

Last updated on 2021-09-22 07:51:20 CEST.

Flavor Version Tinstall Tcheck Ttotal Status Flags
r-devel-linux-x86_64-debian-clang 1.5 12.69 103.66 116.35 OK
r-devel-linux-x86_64-debian-gcc 1.5 11.12 80.27 91.39 OK
r-devel-linux-x86_64-fedora-clang 1.5 150.89 OK
r-devel-linux-x86_64-fedora-gcc 1.5 142.47 OK
r-devel-windows-x86_64 1.5 15.00 90.00 105.00 OK
r-devel-windows-x86_64-gcc10-UCRT 1.5 ERROR
r-patched-linux-x86_64 1.5 13.57 99.72 113.29 OK
r-patched-solaris-x86 1.5 189.30 OK
r-release-linux-x86_64 1.5 13.87 101.19 115.06 OK
r-release-macos-arm64 1.5 OK
r-release-macos-x86_64 1.5 OK
r-release-windows-ix86+x86_64 1.5 34.00 88.00 122.00 OK
r-oldrel-macos-x86_64 1.5 OK
r-oldrel-windows-ix86+x86_64 1.5 21.00 92.00 113.00 OK

Check Details

Version: 1.5
Check: package dependencies
Result: ERROR
    Package required but not available: 'openair'
    
    See section 'The DESCRIPTION file' in the 'Writing R Extensions'
    manual.
Flavor: r-devel-windows-x86_64-gcc10-UCRT